CRAN Package Check Results for Package PSF

Last updated on 2017-07-26 01:56:34.

Flavor Version Tinstall Tcheck Ttotal Status Flags
r-devel-linux-x86_64-debian-clang 0.4 0.88 33.46 34.34 OK
r-devel-linux-x86_64-debian-gcc 0.4 0.77 33.78 34.55 OK
r-devel-linux-x86_64-fedora-clang 0.4 53.50 NOTE
r-devel-linux-x86_64-fedora-gcc 0.4 55.73 NOTE
r-devel-windows-ix86+x86_64 0.4 4.00 70.00 74.00 OK
r-patched-linux-x86_64 0.4 0.75 35.04 35.79 OK
r-patched-solaris-x86 0.4 66.30 NOTE
r-release-linux-x86_64 0.4 0.83 33.59 34.42 OK
r-release-windows-ix86+x86_64 0.4 3.00 69.00 72.00 OK
r-release-osx-x86_64 0.4 NOTE
r-oldrel-windows-ix86+x86_64 0.4 3.00 46.00 49.00 OK
r-oldrel-osx-x86_64 0.4 NOTE

Check Details

Version: 0.4
Check: dependencies in R code
Result: NOTE
    Namespaces in Imports field not imported from:
     ‘forecast’ ‘knitr’
     All declared Imports should be used.
Flavors: r-devel-linux-x86_64-fedora-clang, r-devel-linux-x86_64-fedora-gcc, r-patched-solaris-x86, r-release-osx-x86_64, r-oldrel-osx-x86_64