CRAN Package Check Results for Package RODBC

Last updated on 2017-07-26 01:56:37.

Flavor Version Tinstall Tcheck Ttotal Status Flags
r-devel-linux-x86_64-debian-clang 1.3-15 4.16 35.88 40.03 OK
r-devel-linux-x86_64-debian-gcc 1.3-15 3.33 36.41 39.74 OK
r-devel-linux-x86_64-fedora-clang 1.3-15 37.91 OK
r-devel-linux-x86_64-fedora-gcc 1.3-15 39.43 OK
r-devel-windows-ix86+x86_64 1.3-15 16.00 60.00 76.00 OK
r-patched-linux-x86_64 1.3-15 3.08 36.05 39.13 OK
r-patched-solaris-x86 1.3-15 48.60 OK
r-release-linux-x86_64 1.3-15 2.98 36.74 39.72 OK
r-release-windows-ix86+x86_64 1.3-15 12.00 47.00 59.00 OK
r-release-osx-x86_64 1.3-15 OK
r-oldrel-windows-ix86+x86_64 1.3-15 14.00 64.00 78.00 OK
r-oldrel-osx-x86_64 1.3-15 ERROR

Check Details

Version: 1.3-15
Check: whether package can be installed
Result: ERROR
    Installation failed.
Flavor: r-oldrel-osx-x86_64