Last updated on 2017-07-26 01:56:38.
Flavor | Version | Tinstall | Tcheck | Ttotal | Status | Flags |
---|---|---|---|---|---|---|
r-devel-linux-x86_64-debian-clang | 0.5.2 | 24.02 | 40.36 | 64.38 | OK | |
r-devel-linux-x86_64-debian-gcc | 0.5.2 | 24.45 | 41.72 | 66.17 | OK | |
r-devel-linux-x86_64-fedora-clang | 0.5.2 | 105.33 | NOTE | |||
r-devel-linux-x86_64-fedora-gcc | 0.5.2 | 104.75 | NOTE | |||
r-devel-windows-ix86+x86_64 | 0.5.2 | 76.00 | 84.00 | 160.00 | OK | |
r-patched-linux-x86_64 | 0.5.2 | 24.06 | 40.43 | 64.49 | OK | |
r-patched-solaris-x86 | 0.5.2 | 108.30 | OK | |||
r-release-linux-x86_64 | 0.5.2 | 24.23 | 40.19 | 64.42 | OK | |
r-release-windows-ix86+x86_64 | 0.5.2 | 54.00 | 126.00 | 180.00 | OK | |
r-release-osx-x86_64 | 0.5.2 | ERROR | ||||
r-oldrel-windows-ix86+x86_64 | 0.5.2 | 57.00 | 83.00 | 140.00 | OK | |
r-oldrel-osx-x86_64 | 0.5.2 | NOTE |
Version: 0.5.2
Check: installed package size
Result: NOTE
installed size is 15.3Mb
sub-directories of 1Mb or more:
libs 14.8Mb
Flavors: r-devel-linux-x86_64-fedora-clang, r-devel-linux-x86_64-fedora-gcc, r-oldrel-osx-x86_64
Version: 0.5.2
Check: package dependencies
Result: ERROR
Package required but not available: ‘qvalue’
See section ‘The DESCRIPTION file’ in the ‘Writing R Extensions’
manual.
Flavor: r-release-osx-x86_64