CRAN Package Check Results for Package RSelenium

Last updated on 2017-07-26 01:56:38.

Flavor Version Tinstall Tcheck Ttotal Status Flags
r-devel-linux-x86_64-debian-clang 1.7.1 2.29 36.74 39.03 OK
r-devel-linux-x86_64-debian-gcc 1.7.1 2.19 35.82 38.01 OK
r-devel-linux-x86_64-fedora-clang 1.7.1 55.92 NOTE
r-devel-linux-x86_64-fedora-gcc 1.7.1 57.02 NOTE
r-devel-windows-ix86+x86_64 1.7.1 10.00 78.00 88.00 NOTE
r-patched-linux-x86_64 1.7.1 2.23 37.01 39.23 OK
r-patched-solaris-x86 1.7.1 4.50 ERROR
r-release-linux-x86_64 1.7.1 2.21 36.47 38.68 OK
r-release-windows-ix86+x86_64 1.7.1 7.00 76.00 83.00 NOTE
r-release-osx-x86_64 1.7.1 NOTE
r-oldrel-windows-ix86+x86_64 1.7.1 6.00 52.00 58.00 NOTE
r-oldrel-osx-x86_64 1.7.1 NOTE

Check Details

Version: 1.7.1
Check: package dependencies
Result: NOTE
    Package suggested but not available for checking: ‘Rcompression’
Flavors: r-devel-linux-x86_64-fedora-clang, r-devel-linux-x86_64-fedora-gcc, r-devel-windows-ix86+x86_64, r-release-windows-ix86+x86_64, r-release-osx-x86_64, r-oldrel-windows-ix86+x86_64, r-oldrel-osx-x86_64

Version: 1.7.1
Check: dependencies in R code
Result: NOTE
    Namespaces in Imports field not imported from:
     ‘binman’ ‘httr’
     All declared Imports should be used.
Flavors: r-devel-linux-x86_64-fedora-clang, r-devel-linux-x86_64-fedora-gcc, r-release-osx-x86_64, r-oldrel-osx-x86_64

Version: 1.7.1
Check: package dependencies
Result: ERROR
    Package required but not available: ‘wdman’
    
    Package suggested but not available for checking: ‘Rcompression’
    
    See section ‘The DESCRIPTION file’ in the ‘Writing R Extensions’
    manual.
Flavor: r-patched-solaris-x86