Last updated on 2017-07-26 01:56:38.
Flavor | Version | Tinstall | Tcheck | Ttotal | Status | Flags |
---|---|---|---|---|---|---|
r-devel-linux-x86_64-debian-clang | 1.4.2 | 5.89 | 67.86 | 73.75 | NOTE | |
r-devel-linux-x86_64-debian-gcc | 1.4.2 | 5.57 | 62.97 | 68.53 | NOTE | |
r-devel-linux-x86_64-fedora-clang | 1.4.2 | 139.43 | NOTE | |||
r-devel-linux-x86_64-fedora-gcc | 1.4.2 | 151.06 | NOTE | |||
r-devel-windows-ix86+x86_64 | 1.4.2 | 33.00 | 174.00 | 207.00 | NOTE | |
r-patched-linux-x86_64 | 1.4.2 | 5.49 | 64.10 | 69.59 | NOTE | |
r-patched-solaris-x86 | 1.4.2 | 180.20 | NOTE | |||
r-release-linux-x86_64 | 1.4.2 | 5.88 | 63.32 | 69.20 | NOTE | |
r-release-windows-ix86+x86_64 | 1.4.2 | 28.00 | 183.00 | 211.00 | NOTE | |
r-release-osx-x86_64 | 1.4.2 | NOTE | ||||
r-oldrel-windows-ix86+x86_64 | 1.4.2 | 26.00 | 129.00 | 155.00 | NOTE | |
r-oldrel-osx-x86_64 | 1.4.2 | NOTE |
Version: 1.4.2
Check: R code for possible problems
Result: NOTE
classify_model: no visible global function definition for ‘predict’
cross_validate: no visible global function definition for ‘predict’
read_data: no visible global function definition for ‘read.csv’
read_data: no visible global function definition for ‘read.delim’
Undefined global functions or variables:
predict read.csv read.delim
Consider adding
importFrom("stats", "predict")
importFrom("utils", "read.csv", "read.delim")
to your NAMESPACE file.
Flavors: r-devel-linux-x86_64-debian-clang, r-devel-linux-x86_64-debian-gcc, r-devel-linux-x86_64-fedora-clang, r-devel-linux-x86_64-fedora-gcc, r-devel-windows-ix86+x86_64, r-patched-linux-x86_64, r-patched-solaris-x86, r-release-linux-x86_64, r-release-windows-ix86+x86_64, r-release-osx-x86_64, r-oldrel-windows-ix86+x86_64, r-oldrel-osx-x86_64