CRAN Package Check Results for Package Rankcluster

Last updated on 2017-07-26 01:56:35.

Flavor Version Tinstall Tcheck Ttotal Status Flags
r-devel-linux-x86_64-debian-clang 0.94 30.55 31.37 61.92 NOTE
r-devel-linux-x86_64-debian-gcc 0.94 32.48 30.89 63.37 NOTE
r-devel-linux-x86_64-fedora-clang 0.94 111.93 NOTE
r-devel-linux-x86_64-fedora-gcc 0.94 108.03 NOTE
r-devel-windows-ix86+x86_64 0.94 114.00 71.00 185.00 OK
r-patched-linux-x86_64 0.94 31.27 31.16 62.43 NOTE
r-patched-solaris-x86 0.94 112.30 OK
r-release-linux-x86_64 0.94 31.72 31.41 63.13 NOTE
r-release-windows-ix86+x86_64 0.94 97.00 87.00 184.00 OK
r-release-osx-x86_64 0.94 WARN
r-oldrel-windows-ix86+x86_64 0.94 91.00 63.00 154.00 OK
r-oldrel-osx-x86_64 0.94 OK

Check Details

Version: 0.94
Check: compiled code
Result: NOTE
    File ‘Rankcluster/libs/Rankcluster.so’:
     Found no calls to: ‘R_registerRoutines’, ‘R_useDynamicSymbols’
    
    It is good practice to register native routines and to disable symbol
    search.
    
    See ‘Writing portable packages’ in the ‘Writing R Extensions’ manual.
Flavors: r-devel-linux-x86_64-debian-clang, r-devel-linux-x86_64-debian-gcc, r-devel-linux-x86_64-fedora-clang, r-devel-linux-x86_64-fedora-gcc, r-patched-linux-x86_64, r-release-linux-x86_64

Version: 0.94
Check: installed package size
Result: NOTE
     installed size is 6.0Mb
     sub-directories of 1Mb or more:
     libs 5.3Mb
Flavor: r-devel-linux-x86_64-fedora-gcc

Version: 0.94
Check: re-building of vignette outputs
Result: WARN
    Error in re-building vignettes:
     ...
    Error in texi2dvi(file = file, pdf = TRUE, clean = clean, quiet = quiet, :
     Running 'texi2dvi' on 'Rankcluster.tex' failed.
    LaTeX errors:
    ! LaTeX Error: File `elsarticle.cls' not found.
    
    Type X to quit or <RETURN> to proceed,
    or enter new name. (Default extension: cls)
    
    ! Emergency stop.
    <read *>
    
    l.4 ^^M
    
    ! ==> Fatal error occurred, no output PDF file produced!
    Calls: buildVignettes -> texi2pdf -> texi2dvi
    Execution halted
Flavor: r-release-osx-x86_64