CRAN Package Check Results for Package RxCEcolInf

Last updated on 2017-07-26 01:56:39.

Flavor Version Tinstall Tcheck Ttotal Status Flags
r-devel-linux-x86_64-debian-clang 0.1-3 8.24 45.43 53.67 NOTE
r-devel-linux-x86_64-debian-gcc 0.1-3 8.11 44.55 52.66 NOTE
r-devel-linux-x86_64-fedora-clang 0.1-3 100.97 NOTE
r-devel-linux-x86_64-fedora-gcc 0.1-3 105.56 NOTE
r-devel-windows-ix86+x86_64 0.1-3 37.00 116.00 153.00 NOTE
r-patched-linux-x86_64 0.1-3 7.51 45.23 52.74 NOTE
r-patched-solaris-x86 0.1-3 140.60 NOTE
r-release-linux-x86_64 0.1-3 7.57 45.51 53.08 NOTE
r-release-windows-ix86+x86_64 0.1-3 31.00 122.00 153.00 NOTE
r-release-osx-x86_64 0.1-3 NOTE
r-oldrel-windows-ix86+x86_64 0.1-3 29.00 93.00 122.00 NOTE
r-oldrel-osx-x86_64 0.1-3 NOTE

Additional issues

rchk

Check Details

Version: 0.1-3
Check: top-level files
Result: NOTE
    Non-standard file/directory found at top level:
     ‘dos2unix.sh’
Flavors: r-devel-linux-x86_64-debian-clang, r-devel-linux-x86_64-debian-gcc, r-devel-linux-x86_64-fedora-clang, r-devel-linux-x86_64-fedora-gcc, r-patched-linux-x86_64, r-release-linux-x86_64

Version: 0.1-3
Check: R code for possible problems
Result: NOTE
    Analyze: no visible global function definition for ‘runif’
    Analyze: no visible global function definition for ‘mcmc’
    Analyze: no visible global function definition for ‘varnames<-’
    AnalyzeWithExitPoll: no visible global function definition for ‘runif’
    AnalyzeWithExitPoll: no visible global function definition for ‘mcmc’
    AnalyzeWithExitPoll: no visible global function definition for
     ‘varnames<-’
    Tune: no visible global function definition for ‘runif’
    TuneWithExitPoll: no visible global function definition for ‘runif’
    form.mcmc.object: no visible global function definition for
     ‘varnames<-’
    gendata.ep : rdirichlet: no visible global function definition for
     ‘rgamma’
    gendata.ep : rwish: no visible global function definition for ‘rchisq’
    gendata.ep : rwish: no visible global function definition for ‘rnorm’
    gendata.ep: no visible global function definition for ‘rpois’
    gendata.ep: no visible global function definition for ‘runif’
    gendata.ep: no visible global function definition for ‘rmultinom’
    gendata.ep: no visible global function definition for ‘cov2cor’
    gq.summary: no visible global function definition for ‘mcmc.list’
    gq.summary: no visible global function definition for ‘mcmc’
    gq_diagnostics: no visible global function definition for ‘mcmc.list’
    gq_diagnostics: no visible global function definition for ‘mcmc’
    gq_diagnostics: no visible global function definition for ‘gelman.diag’
    gq_diagnostics: no visible global function definition for ‘geweke.diag’
    gq_diagnostics: no visible global function definition for ‘heidel.diag’
    gq_diagnostics: no visible global function definition for
     ‘autocorr.diag’
    Undefined global functions or variables:
     autocorr.diag cov2cor gelman.diag geweke.diag heidel.diag mcmc
     mcmc.list rchisq rgamma rmultinom rnorm rpois runif varnames<-
    Consider adding
     importFrom("stats", "cov2cor", "rchisq", "rgamma", "rmultinom",
     "rnorm", "rpois", "runif")
    to your NAMESPACE file.
Flavors: r-devel-linux-x86_64-debian-clang, r-devel-linux-x86_64-debian-gcc, r-devel-linux-x86_64-fedora-clang, r-devel-linux-x86_64-fedora-gcc, r-devel-windows-ix86+x86_64, r-patched-linux-x86_64, r-patched-solaris-x86, r-release-linux-x86_64, r-release-windows-ix86+x86_64, r-release-osx-x86_64, r-oldrel-windows-ix86+x86_64, r-oldrel-osx-x86_64

Version: 0.1-3
Check: compiled code
Result: NOTE
    File ‘RxCEcolInf/libs/RxCEcolInf.so’:
     Found no calls to: ‘R_registerRoutines’, ‘R_useDynamicSymbols’
    
    It is good practice to register native routines and to disable symbol
    search.
    
    See ‘Writing portable packages’ in the ‘Writing R Extensions’ manual.
Flavors: r-devel-linux-x86_64-debian-clang, r-devel-linux-x86_64-debian-gcc, r-devel-linux-x86_64-fedora-clang, r-devel-linux-x86_64-fedora-gcc, r-patched-linux-x86_64, r-release-linux-x86_64