Last updated on 2017-07-26 01:56:39.
Flavor | Version | Tinstall | Tcheck | Ttotal | Status | Flags |
---|---|---|---|---|---|---|
r-devel-linux-x86_64-debian-clang | 0.2-1 | 2.58 | 19.40 | 21.97 | NOTE | |
r-devel-linux-x86_64-debian-gcc | 0.2-1 | 2.63 | 18.83 | 21.46 | NOTE | |
r-devel-linux-x86_64-fedora-clang | 0.2-1 | 25.83 | NOTE | |||
r-devel-linux-x86_64-fedora-gcc | 0.2-1 | 26.82 | NOTE | |||
r-devel-windows-ix86+x86_64 | 0.2-1 | 11.00 | 46.00 | 57.00 | NOTE | |
r-patched-linux-x86_64 | 0.2-1 | 2.51 | 18.99 | 21.50 | NOTE | |
r-patched-solaris-x86 | 0.2-1 | 38.90 | NOTE | |||
r-release-linux-x86_64 | 0.2-1 | 2.58 | 19.11 | 21.68 | NOTE | |
r-release-windows-ix86+x86_64 | 0.2-1 | 7.00 | 48.00 | 55.00 | NOTE | |
r-release-osx-x86_64 | 0.2-1 | NOTE | ||||
r-oldrel-windows-ix86+x86_64 | 0.2-1 | 8.00 | 37.00 | 45.00 | NOTE | |
r-oldrel-osx-x86_64 | 0.2-1 | NOTE |
Version: 0.2-1
Check: compiled code
Result: NOTE
File ‘SCEPtER/libs/SCEPtER.so’:
Found no calls to: ‘R_registerRoutines’, ‘R_useDynamicSymbols’
It is good practice to register native routines and to disable symbol
search.
See ‘Writing portable packages’ in the ‘Writing R Extensions’ manual.
Flavors: r-devel-linux-x86_64-debian-clang, r-devel-linux-x86_64-debian-gcc, r-devel-linux-x86_64-fedora-clang, r-devel-linux-x86_64-fedora-gcc, r-patched-linux-x86_64, r-release-linux-x86_64
Version: 0.2-1
Check: installed package size
Result: NOTE
installed size is 6.8Mb
sub-directories of 1Mb or more:
data 6.7Mb
Flavors: r-devel-linux-x86_64-fedora-clang, r-devel-linux-x86_64-fedora-gcc, r-devel-windows-ix86+x86_64, r-patched-solaris-x86, r-release-windows-ix86+x86_64, r-release-osx-x86_64, r-oldrel-windows-ix86+x86_64, r-oldrel-osx-x86_64