Last updated on 2017-07-26 01:56:41.
Flavor | Version | Tinstall | Tcheck | Ttotal | Status | Flags |
---|---|---|---|---|---|---|
r-devel-linux-x86_64-debian-clang | 1.0 | 4.10 | 55.66 | 59.76 | OK | |
r-devel-linux-x86_64-debian-gcc | 1.0 | 4.32 | 54.81 | 59.13 | OK | |
r-devel-linux-x86_64-fedora-clang | 1.0 | 123.66 | OK | |||
r-devel-linux-x86_64-fedora-gcc | 1.0 | 124.01 | OK | |||
r-devel-windows-ix86+x86_64 | 1.0 | 14.00 | 116.00 | 130.00 | OK | |
r-patched-linux-x86_64 | 1.0 | 4.22 | 55.72 | 59.94 | OK | |
r-patched-solaris-x86 | 1.0 | 157.80 | OK | |||
r-release-linux-x86_64 | 1.0 | 4.37 | 55.82 | 60.19 | OK | |
r-release-windows-ix86+x86_64 | 1.0 | 9.00 | 113.00 | 122.00 | OK | |
r-release-osx-x86_64 | 1.0 | ERROR | ||||
r-oldrel-windows-ix86+x86_64 | 1.0 | 10.00 | 85.00 | 95.00 | OK | |
r-oldrel-osx-x86_64 | 1.0 | OK |
Version: 1.0
Check: package dependencies
Result: ERROR
Package required but not available: ‘CMA’
See section ‘The DESCRIPTION file’ in the ‘Writing R Extensions’
manual.
Flavor: r-release-osx-x86_64