Last updated on 2017-07-26 01:56:40.
Flavor | Version | Tinstall | Tcheck | Ttotal | Status | Flags |
---|---|---|---|---|---|---|
r-devel-linux-x86_64-debian-clang | 1.0-2 | 3.11 | 231.80 | 234.91 | OK | |
r-devel-linux-x86_64-debian-gcc | 1.0-2 | 3.25 | 228.73 | 231.98 | OK | |
r-devel-linux-x86_64-fedora-clang | 1.0-2 | 269.89 | OK | |||
r-devel-linux-x86_64-fedora-gcc | 1.0-2 | 276.46 | OK | |||
r-devel-windows-ix86+x86_64 | 1.0-2 | 23.00 | 393.00 | 416.00 | OK | |
r-patched-linux-x86_64 | 1.0-2 | 2.89 | 230.80 | 233.68 | OK | |
r-patched-solaris-x86 | 1.0-2 | 302.50 | NOTE | |||
r-release-linux-x86_64 | 1.0-2 | 2.84 | 224.52 | 227.36 | OK | |
r-release-windows-ix86+x86_64 | 1.0-2 | 11.00 | 381.00 | 392.00 | OK | |
r-release-osx-x86_64 | 1.0-2 | WARN | ||||
r-oldrel-windows-ix86+x86_64 | 1.0-2 | 11.00 | 274.00 | 285.00 | OK | |
r-oldrel-osx-x86_64 | 1.0-2 | OK |
Version: 1.0-2
Check: installed package size
Result: NOTE
installed size is 5.7Mb
sub-directories of 1Mb or more:
doc 4.2Mb
Flavor: r-patched-solaris-x86
Version: 1.0-2
Check: re-building of vignette outputs
Result: WARN
Error in re-building vignettes:
...
D, IQR, binom.test, cor, cov, fivenum, median, prop.test,
quantile, sd, t.test, var
The following objects are masked from 'package:base':
max, mean, min, prod, range, sample, sum
Loading required package: Sleuth3
Error in texi2dvi(file = file, pdf = TRUE, clean = clean, quiet = quiet, :
Running 'texi2dvi' on 'chapter01-HortonMosaic.tex' failed.
LaTeX errors:
! LaTeX Error: File `xstring.sty' not found.
Type X to quit or <RETURN> to proceed,
or enter new name. (Default extension: sty)
! Emergency stop.
<read *>
l.4 \RequirePackage
{xcolor}^^M
! ==> Fatal error occurred, no output PDF file produced!
Calls: buildVignettes -> texi2pdf -> texi2dvi
Execution halted
Flavor: r-release-osx-x86_64