Last updated on 2017-07-26 01:56:40.
Flavor | Version | Tinstall | Tcheck | Ttotal | Status | Flags |
---|---|---|---|---|---|---|
r-devel-linux-x86_64-debian-clang | 0.4 | 0.84 | 28.04 | 28.88 | OK | |
r-devel-linux-x86_64-debian-gcc | 0.4 | 0.86 | 28.90 | 29.76 | OK | |
r-devel-linux-x86_64-fedora-clang | 0.4 | 28.41 | OK | |||
r-devel-linux-x86_64-fedora-gcc | 0.4 | 28.80 | OK | |||
r-devel-windows-ix86+x86_64 | 0.4 | 5.00 | 34.00 | 39.00 | ERROR | |
r-patched-linux-x86_64 | 0.4 | 0.90 | 28.29 | 29.19 | OK | |
r-patched-solaris-x86 | 0.4 | 42.50 | OK | |||
r-release-linux-x86_64 | 0.4 | 1.04 | 27.25 | 28.29 | OK | |
r-release-windows-ix86+x86_64 | 0.4 | 3.00 | 31.00 | 34.00 | ERROR | |
r-release-osx-x86_64 | 0.4 | OK | ||||
r-oldrel-windows-ix86+x86_64 | 0.4 | 3.00 | 30.00 | 33.00 | ERROR | |
r-oldrel-osx-x86_64 | 0.4 | OK |
Version: 0.4
Check: examples
Result: ERROR
Running examples in 'SocialMediaMineR-Ex.R' failed
The error most likely occurred in:
> ### Name: SocialMediaMineR
> ### Title: A Social Media Search and Analytic Tool
> ### Aliases: SocialMediaMineR-package SocialMediaMineR
> ### Keywords: IO
>
> ### ** Examples
>
> get_socialmedia("http://www.nytimes.com/")
trying URL 'https://curl.haxx.se/ca/cacert.pem'
Warning in download.file(url = "https://curl.haxx.se/ca/cacert.pem", destfile = "cacert.perm") :
InternetOpenUrl failed: 'Die Serververbindung konnte nicht hergestellt werden.'
Error in download.file(url = "https://curl.haxx.se/ca/cacert.pem", destfile = "cacert.perm") :
cannot open URL 'https://curl.haxx.se/ca/cacert.pem'
Calls: get_socialmedia -> download.file
Execution halted
Flavors: r-devel-windows-ix86+x86_64, r-release-windows-ix86+x86_64, r-oldrel-windows-ix86+x86_64