CRAN Package Check Results for Package SpatialEpiApp

Last updated on 2017-07-26 01:56:41.

Flavor Version Tinstall Tcheck Ttotal Status Flags
r-devel-linux-x86_64-debian-clang 0.2 0.86 20.25 21.10 NOTE
r-devel-linux-x86_64-debian-gcc 0.2 0.72 20.05 20.77 NOTE
r-devel-linux-x86_64-fedora-clang 0.2 28.31 NOTE
r-devel-linux-x86_64-fedora-gcc 0.2 29.15 NOTE
r-devel-windows-ix86+x86_64 0.2 7.00 38.00 45.00 OK
r-patched-linux-x86_64 0.2 0.80 20.61 21.42 NOTE
r-patched-solaris-x86 0.2 34.40 NOTE
r-release-linux-x86_64 0.2 0.78 20.27 21.05 NOTE
r-release-windows-ix86+x86_64 0.2 4.00 37.00 41.00 OK
r-release-osx-x86_64 0.2 NOTE
r-oldrel-windows-ix86+x86_64 0.2 4.00 25.00 29.00 OK
r-oldrel-osx-x86_64 0.2 NOTE

Check Details

Version: 0.2
Check: package dependencies
Result: NOTE
    Package suggested but not available for checking: ‘INLA’
Flavors: r-devel-linux-x86_64-debian-clang, r-devel-linux-x86_64-debian-gcc, r-patched-linux-x86_64, r-patched-solaris-x86, r-release-linux-x86_64, r-release-osx-x86_64, r-oldrel-osx-x86_64

Version: 0.2
Check: dependencies in R code
Result: NOTE
    Namespaces in Imports field not imported from:
     ‘RColorBrewer’ ‘SpatialEpi’ ‘dplyr’ ‘dygraphs’ ‘ggplot2’
     ‘htmlwidgets’ ‘knitr’ ‘leaflet’ ‘mapproj’ ‘maptools’ ‘rgdal’ ‘rgeos’
     ‘rmarkdown’ ‘shinyjs’ ‘spdep’ ‘xts’
     All declared Imports should be used.
Flavors: r-devel-linux-x86_64-fedora-clang, r-devel-linux-x86_64-fedora-gcc, r-patched-solaris-x86, r-release-osx-x86_64, r-oldrel-osx-x86_64