Last updated on 2017-07-26 01:56:42.
Flavor | Version | Tinstall | Tcheck | Ttotal | Status | Flags |
---|---|---|---|---|---|---|
r-devel-linux-x86_64-debian-clang | 2.16.0-1 | 11.25 | 15.06 | 26.31 | OK | |
r-devel-linux-x86_64-debian-gcc | 2.16.0-1 | 10.09 | 16.10 | 26.19 | OK | |
r-devel-linux-x86_64-fedora-clang | 2.16.0-1 | 31.94 | NOTE | |||
r-devel-linux-x86_64-fedora-gcc | 2.16.0-1 | 30.07 | NOTE | |||
r-devel-windows-ix86+x86_64 | 2.16.0-1 | 103.00 | 26.00 | 129.00 | NOTE | |
r-patched-linux-x86_64 | 2.16.0-1 | 10.27 | 14.97 | 25.24 | OK | |
r-patched-solaris-x86 | 2.16.0-1 | 62.30 | NOTE | |||
r-release-linux-x86_64 | 2.16.0-1 | 9.99 | 14.09 | 24.08 | OK | |
r-release-windows-ix86+x86_64 | 2.16.0-1 | 59.00 | 37.00 | 96.00 | NOTE | |
r-release-osx-x86_64 | 2.16.0-1 | NOTE | ||||
r-oldrel-windows-ix86+x86_64 | 2.16.0-1 | 74.00 | 29.00 | 103.00 | NOTE | |
r-oldrel-osx-x86_64 | 2.16.0-1 | NOTE |
Version: 2.16.0-1
Check: installed package size
Result: NOTE
installed size is 10.4Mb
sub-directories of 1Mb or more:
include 9.0Mb
lib 1.4Mb
Flavors: r-devel-linux-x86_64-fedora-clang, r-devel-linux-x86_64-fedora-gcc, r-devel-windows-ix86+x86_64, r-patched-solaris-x86, r-release-windows-ix86+x86_64, r-release-osx-x86_64, r-oldrel-windows-ix86+x86_64, r-oldrel-osx-x86_64