Last updated on 2017-07-26 01:56:43.
Flavor | Version | Tinstall | Tcheck | Ttotal | Status | Flags |
---|---|---|---|---|---|---|
r-devel-linux-x86_64-debian-clang | 1.0-8 | 2.01 | 22.93 | 24.94 | OK | |
r-devel-linux-x86_64-debian-gcc | 1.0-8 | 2.02 | 22.89 | 24.90 | OK | |
r-devel-linux-x86_64-fedora-clang | 1.0-8 | 39.96 | NOTE | |||
r-devel-linux-x86_64-fedora-gcc | 1.0-8 | 46.11 | NOTE | |||
r-devel-windows-ix86+x86_64 | 1.0-8 | 8.00 | 48.00 | 56.00 | NOTE | |
r-patched-linux-x86_64 | 1.0-8 | 2.07 | 23.12 | 25.18 | OK | |
r-patched-solaris-x86 | 1.0-8 | 57.60 | NOTE | |||
r-release-linux-x86_64 | 1.0-8 | 2.02 | 22.84 | 24.86 | OK | |
r-release-windows-ix86+x86_64 | 1.0-8 | 7.00 | 48.00 | 55.00 | NOTE | |
r-release-osx-x86_64 | 1.0-8 | NOTE | ||||
r-oldrel-windows-ix86+x86_64 | 1.0-8 | 6.00 | 32.00 | 38.00 | NOTE | |
r-oldrel-osx-x86_64 | 1.0-8 | NOTE |
Version: 1.0-8
Check: installed package size
Result: NOTE
installed size is 5.3Mb
sub-directories of 1Mb or more:
data 1.2Mb
rda 3.8Mb
Flavors: r-devel-linux-x86_64-fedora-clang, r-devel-linux-x86_64-fedora-gcc, r-devel-windows-ix86+x86_64, r-patched-solaris-x86, r-release-windows-ix86+x86_64, r-release-osx-x86_64, r-oldrel-windows-ix86+x86_64, r-oldrel-osx-x86_64