Last updated on 2017-07-26 01:56:44.
Flavor | Version | Tinstall | Tcheck | Ttotal | Status | Flags |
---|---|---|---|---|---|---|
r-devel-linux-x86_64-debian-clang | 0.9.16 | 4.06 | 68.60 | 72.65 | OK | |
r-devel-linux-x86_64-debian-gcc | 0.9.16 | 3.76 | 68.89 | 72.66 | OK | |
r-devel-linux-x86_64-fedora-clang | 0.9.16 | 101.79 | OK | |||
r-devel-linux-x86_64-fedora-gcc | 0.9.16 | 109.96 | OK | |||
r-devel-windows-ix86+x86_64 | 0.9.16 | 19.00 | 96.00 | 115.00 | OK | |
r-patched-linux-x86_64 | 0.9.16 | 3.92 | 70.30 | 74.23 | OK | |
r-patched-solaris-x86 | 0.9.16 | 147.60 | OK | |||
r-release-linux-x86_64 | 0.9.16 | 4.28 | 69.33 | 73.61 | OK | |
r-release-windows-ix86+x86_64 | 0.9.16 | 13.00 | 131.00 | 144.00 | OK | |
r-release-osx-x86_64 | 0.9.16 | NOTE | ||||
r-oldrel-windows-ix86+x86_64 | 0.9.16 | 11.00 | 93.00 | 104.00 | OK | |
r-oldrel-osx-x86_64 | 0.9.16 | OK |
Version: 0.9.16
Check: re-building of vignette outputs
Result: NOTE
Error in re-building vignettes:
...
Error in texi2dvi(file = file, pdf = TRUE, clean = clean, quiet = quiet, :
Running 'texi2dvi' on 'Expanding_TR8.tex' failed.
LaTeX errors:
! LaTeX Error: File `enumitem.sty' not found.
Type X to quit or <RETURN> to proceed,
or enter new name. (Default extension: sty)
! Emergency stop.
<read *>
l.10 \usepackage
{graphicx}^^M
! ==> Fatal error occurred, no output PDF file produced!
Calls: buildVignettes -> texi2pdf -> texi2dvi
Execution halted
Flavor: r-release-osx-x86_64