Last updated on 2017-07-26 01:56:45.
Flavor | Version | Tinstall | Tcheck | Ttotal | Status | Flags |
---|---|---|---|---|---|---|
r-devel-linux-x86_64-debian-clang | 1.0-3 | 23.46 | 348.07 | 371.52 | NOTE | |
r-devel-linux-x86_64-debian-gcc | 1.0-3 | 22.86 | 352.44 | 375.29 | NOTE | |
r-devel-linux-x86_64-fedora-clang | 1.0-3 | 596.54 | NOTE | |||
r-devel-linux-x86_64-fedora-gcc | 1.0-3 | 581.86 | NOTE | |||
r-devel-windows-ix86+x86_64 | 1.0-3 | 109.00 | 699.00 | 808.00 | NOTE | |
r-patched-linux-x86_64 | 1.0-3 | 23.18 | 357.60 | 380.78 | NOTE | |
r-patched-solaris-x86 | 1.0-3 | 664.50 | NOTE | |||
r-release-linux-x86_64 | 1.0-3 | 22.72 | 346.27 | 368.99 | NOTE | |
r-release-windows-ix86+x86_64 | 1.0-3 | 73.00 | 690.00 | 763.00 | NOTE | |
r-release-osx-x86_64 | 1.0-3 | NOTE | ||||
r-oldrel-windows-ix86+x86_64 | 1.0-3 | 76.00 | 510.00 | 586.00 | NOTE | |
r-oldrel-osx-x86_64 | 1.0-3 | NOTE |
Version: 1.0-3
Check: compiled code
Result: NOTE
File ‘VGAM/libs/VGAM.so’:
Found no calls to: ‘R_registerRoutines’, ‘R_useDynamicSymbols’
It is good practice to register native routines and to disable symbol
search.
See ‘Writing portable packages’ in the ‘Writing R Extensions’ manual.
Flavors: r-devel-linux-x86_64-debian-clang, r-devel-linux-x86_64-debian-gcc, r-devel-linux-x86_64-fedora-clang, r-devel-linux-x86_64-fedora-gcc, r-patched-linux-x86_64, r-release-linux-x86_64
Version: 1.0-3
Check: installed package size
Result: NOTE
installed size is 6.6Mb
sub-directories of 1Mb or more:
R 1.5Mb
doc 1.2Mb
help 2.6Mb
Flavors: r-devel-linux-x86_64-fedora-clang, r-devel-linux-x86_64-fedora-gcc, r-devel-windows-ix86+x86_64, r-patched-solaris-x86, r-release-windows-ix86+x86_64, r-release-osx-x86_64, r-oldrel-windows-ix86+x86_64, r-oldrel-osx-x86_64
Version: 1.0-3
Check: re-building of vignette outputs
Result: NOTE
Error in re-building vignettes:
...
input string 373 is invalid in this locale
Error in texi2dvi(file = file, pdf = TRUE, clean = clean, quiet = quiet, :
Running 'texi2dvi' on 'categoricalVGAM.tex' failed.
LaTeX errors:
! LaTeX Error: Missing \begin{document}.
See the LaTeX manual or LaTeX Companion for explanation.
Type H <return> for immediate help.
...
! Missing $ inserted.
<inserted text>
$
l.24 ...<d5>j<95><9f>e<db>v<a9>T^^Z^^]^^]<c5><ef><b9>^^P<81>=ʳ]H<e9><a2>^^^<d2>_<a6><89>`L^
<8e>B<d4>b^^X^^@^^NII<0b><0b>^^Fv2<f2>"3r...
! Please use \mathaccent for accents in math mode.
\add@accent ...@spacefactor \spacefactor }\accent
#1 #2\egroup \spacefactor ...
l.30 ...<93><ee><d0><c2><9b>Nx^^?^^^<f3>Y|<c0>cE1<ca><fb>J9<a0>C<98><ae>ŧ`<c8><e3>"<91>^^H<ca>\t<e2>
<e7><bc>;<e8><dd>z<bd>>??<8f>^^O^^B<89>^^H^^Xv<fc>...
! Missing { inserted.
<to be read again>
\edef
l.30 ...<93><ee><d0><c2><9b>Nx^^?^^^<f3>Y|<c0>cE1<ca>
Calls: buildVignettes -> texi2pdf -> texi2dvi
Execution halted
Flavor: r-oldrel-osx-x86_64