CRAN Package Check Results for Package VetResearchLMM

Last updated on 2017-07-26 01:56:45.

Flavor Version Tinstall Tcheck Ttotal Status Flags
r-devel-linux-x86_64-debian-clang 0.2.0 3.90 57.11 61.02 OK
r-devel-linux-x86_64-debian-gcc 0.2.0 4.32 58.87 63.19 OK
r-devel-linux-x86_64-fedora-clang 0.2.0 123.78 NOTE
r-devel-linux-x86_64-fedora-gcc 0.2.0 129.54 NOTE
r-devel-windows-ix86+x86_64 0.2.0 19.00 123.00 142.00 OK
r-patched-linux-x86_64 0.2.0 4.02 60.80 64.81 OK
r-patched-solaris-x86 0.2.0 172.70 NOTE
r-release-linux-x86_64 0.2.0 4.39 57.28 61.67 OK
r-release-windows-ix86+x86_64 0.2.0 14.00 139.00 153.00 OK
r-release-osx-x86_64 0.2.0 NOTE
r-oldrel-windows-ix86+x86_64 0.2.0 12.00 89.00 101.00 OK
r-oldrel-osx-x86_64 0.2.0 NOTE

Check Details

Version: 0.2.0
Check: dependencies in R code
Result: NOTE
    Namespace in Imports field not imported from: ‘nlme’
     All declared Imports should be used.
Flavors: r-devel-linux-x86_64-fedora-clang, r-devel-linux-x86_64-fedora-gcc, r-patched-solaris-x86, r-release-osx-x86_64, r-oldrel-osx-x86_64