CRAN Package Check Results for Package WRS2

Last updated on 2017-07-26 01:56:45.

Flavor Version Tinstall Tcheck Ttotal Status Flags
r-devel-linux-x86_64-debian-clang 0.9-2 7.75 113.44 121.19 OK
r-devel-linux-x86_64-debian-gcc 0.9-2 7.35 110.98 118.33 OK
r-devel-linux-x86_64-fedora-clang 0.9-2 221.45 OK
r-devel-linux-x86_64-fedora-gcc 0.9-2 222.67 OK
r-devel-windows-ix86+x86_64 0.9-2 25.00 282.00 307.00 OK
r-patched-linux-x86_64 0.9-2 8.13 114.37 122.50 OK
r-patched-solaris-x86 0.9-2 241.30 OK
r-release-linux-x86_64 0.9-2 7.58 114.34 121.91 OK
r-release-windows-ix86+x86_64 0.9-2 14.00 285.00 299.00 OK
r-release-osx-x86_64 0.9-2 WARN
r-oldrel-windows-ix86+x86_64 0.9-2 14.00 212.00 226.00 OK
r-oldrel-osx-x86_64 0.9-2 WARN

Check Details

Version: 0.9-2
Check: re-building of vignette outputs
Result: WARN
    Error in re-building vignettes:
     ...
    See the pdftex.def package documentation for explanation.
    Type H <return> for immediate help.
    ! Package pdftex.def Error: File `figure/soccer2-plot1-1-eps-converted-to.pdf'
    not found.
    
    See the pdftex.def package documentation for explanation.
    Type H <return> for immediate help.
    ! Package pdftex.def Error: File `figure/goggles-plot1-1-eps-converted-to.pdf'
    not found.
    
    See the pdftex.def package documentation for explanation.
    Type H <return> for immediate help.
    ! Package pdftex.def Error: File `figure/swim-plot1-1-eps-converted-to.pdf' not
     found.
    
    See the pdftex.def package documentation for explanation.
    Type H <return> for immediate help.
    ! Package pdftex.def Error: File `figure/swim2-plot1-1-eps-converted-to.pdf' no
    t found.
    
    See the pdftex.def package documentation for explanation.
    Type H <return> for immediate help.
    !
    Calls: buildVignettes -> texi2pdf -> texi2dvi
    Execution halted
Flavor: r-release-osx-x86_64

Version: 0.9-2
Check: re-building of vignette outputs
Result: WARN
    Error in re-building vignettes:
     ...
     input string 432 is invalid in this locale
    Error in texi2dvi(file = file, pdf = TRUE, clean = clean, quiet = quiet, :
     Running 'texi2dvi' on 'WRS2.tex' failed.
    LaTeX errors:
    ! Undefined control sequence.
    l.19 ...VB<e0>+W^^L<ce>O?<fd>^^T^^X[^^&"<ec>^^G"<82>p<e5>rYJ <81><98>x&<b9>\<ce>
     <f3><bc>d2 A<85>^^PA^^P<94>J%<f4><80>^^[<ef>g<a5>T...
    The control sequence at the end of the top line
    of your error message was never \def'ed. If you have
    ! Undefined control sequence.
    l.23 <95>l<f1><81><93>T*<85>ꥮ<eb>^^T<b9>^^]<88>sv<df><f7><85>^^P<cb><cb>˨^^Qan<9c><d7>an\2
     <8b><a6>s<b6>m+<a5><82> "]<d7><f9><e4><bd><d1>h^^Pѩ<ca><ea>)<fa><b0>...
    The control sequence at the end of the top line
    of your error message was never \def'ed. If you have
    ! LaTeX Error: Missing \begin{document}.
    
    See the LaTeX manual or LaTeX Companion for explanation.
    Type H <return> for immediate help.
     ...
    ! Missing $ inserted.
    <inserted text>
     $
    l.29 èV<ab><8b><8b><8b>tb<
    Calls: buildVignettes -> texi2pdf -> texi2dvi
    Execution halted
Flavor: r-oldrel-osx-x86_64