Last updated on 2017-07-26 01:56:45.
Flavor | Version | Tinstall | Tcheck | Ttotal | Status | Flags |
---|---|---|---|---|---|---|
r-devel-linux-x86_64-debian-clang | 0.10.3 | 1.82 | 64.93 | 66.75 | OK | |
r-devel-linux-x86_64-debian-gcc | 0.10.3 | 1.70 | 63.18 | 64.88 | OK | |
r-devel-linux-x86_64-fedora-clang | 0.10.3 | 110.44 | NOTE | |||
r-devel-linux-x86_64-fedora-gcc | 0.10.3 | 115.86 | NOTE | |||
r-devel-windows-ix86+x86_64 | 0.10.3 | 6.00 | 132.00 | 138.00 | NOTE | |
r-patched-linux-x86_64 | 0.10.3 | 1.93 | 63.51 | 65.45 | OK | |
r-patched-solaris-x86 | 0.10.3 | 147.60 | NOTE | |||
r-release-linux-x86_64 | 0.10.3 | 1.94 | 63.13 | 65.07 | OK | |
r-release-windows-ix86+x86_64 | 0.10.3 | 5.00 | 101.00 | 106.00 | NOTE | |
r-release-osx-x86_64 | 0.10.3 | NOTE | ||||
r-oldrel-windows-ix86+x86_64 | 0.10.3 | 3.00 | 95.00 | 98.00 | OK | |
r-oldrel-osx-x86_64 | 0.10.3 | OK |
Version: 0.10.3
Check: installed package size
Result: NOTE
installed size is 12.3Mb
sub-directories of 1Mb or more:
doc 12.1Mb
Flavors: r-devel-linux-x86_64-fedora-clang, r-devel-linux-x86_64-fedora-gcc, r-devel-windows-ix86+x86_64, r-patched-solaris-x86, r-release-windows-ix86+x86_64, r-release-osx-x86_64
Version: 0.10.3
Check: package dependencies
Result: NOTE
Package suggested but not available for checking: ‘devtools’
Flavor: r-release-osx-x86_64