CRAN Package Check Results for Package WeightedCluster

Last updated on 2017-07-26 01:56:45.

Flavor Version Tinstall Tcheck Ttotal Status Flags
r-devel-linux-x86_64-debian-clang 1.2-1 6.36 119.64 125.99 OK
r-devel-linux-x86_64-debian-gcc 1.2-1 6.09 121.32 127.41 OK
r-devel-linux-x86_64-fedora-clang 1.2-1 243.34 OK
r-devel-linux-x86_64-fedora-gcc 1.2-1 249.38 OK
r-devel-windows-ix86+x86_64 1.2-1 37.00 316.00 353.00 OK
r-patched-linux-x86_64 1.2-1 6.02 122.47 128.49 OK
r-patched-solaris-x86 1.2-1 370.20 OK
r-release-linux-x86_64 1.2-1 5.82 122.91 128.73 OK
r-release-windows-ix86+x86_64 1.2-1 25.00 325.00 350.00 OK
r-release-osx-x86_64 1.2-1 WARN
r-oldrel-windows-ix86+x86_64 1.2-1 27.00 242.00 269.00 OK
r-oldrel-osx-x86_64 1.2-1 OK

Additional issues

rchk

Check Details

Version: 1.2-1
Check: re-building of vignette outputs
Result: WARN
    Error in re-building vignettes:
     ...
     [>] 490 sequences in the data set
     [>] min/max sequence length: 70/70
     [>] 490 sequences with 6 distinct states
     [>] creating a 'sm' with a single substitution cost of 1
     [>] creating 6x6 substitution-cost matrix using 1 as constant value
     [>] 490 distinct sequences
     [>] min/max sequence length: 70/70
     [>] computing distances using the HAM metric
     [>] elapsed time: 0.17 secs
    Error in texi2dvi(file = file, pdf = TRUE, clean = clean, quiet = quiet, :
     Running 'texi2dvi' on 'WeightedClusterPreview.tex' failed.
    LaTeX errors:
    ! LaTeX Error: File `subfigure.sty' not found.
    
    Type X to quit or <RETURN> to proceed,
    or enter new name. (Default extension: sty)
    
    ! Emergency stop.
    <read *>
    
    l.78 \usepackage
     {afterpage}^^M
    ! ==> Fatal error occurred, no output PDF file produced!
    Calls: buildVignettes -> texi2pdf -> texi2dvi
    Execution halted
Flavor: r-release-osx-x86_64