Last updated on 2017-07-26 01:56:04.
Flavor | Version | Tinstall | Tcheck | Ttotal | Status | Flags |
---|---|---|---|---|---|---|
r-devel-linux-x86_64-debian-clang | 0.0-8 | 6.93 | 108.70 | 115.64 | OK | |
r-devel-linux-x86_64-debian-gcc | 0.0-8 | 6.55 | 109.66 | 116.22 | OK | |
r-devel-linux-x86_64-fedora-clang | 0.0-8 | 219.11 | OK | |||
r-devel-linux-x86_64-fedora-gcc | 0.0-8 | 224.37 | OK | |||
r-devel-windows-ix86+x86_64 | 0.0-8 | 28.00 | 324.00 | 352.00 | OK | |
r-patched-linux-x86_64 | 0.0-8 | 14.49 | 111.99 | 126.48 | OK | |
r-patched-solaris-x86 | 0.0-8 | 274.30 | OK | |||
r-release-linux-x86_64 | 0.0-8 | 10.32 | 112.88 | 123.21 | OK | |
r-release-windows-ix86+x86_64 | 0.0-8 | 22.00 | 303.00 | 325.00 | OK | |
r-release-osx-x86_64 | 0.0-8 | WARN | ||||
r-oldrel-windows-ix86+x86_64 | 0.0-8 | 22.00 | 207.00 | 229.00 | OK | |
r-oldrel-osx-x86_64 | 0.0-8 | OK |
Version: 0.0-8
Check: re-building of vignette outputs
Result: WARN
Error in re-building vignettes:
...
Warning in engine$weave(file, quiet = quiet, encoding = enc) :
Pandoc (>= 1.12.3) and/or pandoc-citeproc not available. Falling back to R Markdown v1.
Quitting from lines 174-188 (tutorial.Rmd)
Error: processing vignette 'tutorial.Rmd' failed with diagnostics:
rgeos required
Execution halted
Flavor: r-release-osx-x86_64