Last updated on 2017-07-26 01:56:04.
Flavor | Version | Tinstall | Tcheck | Ttotal | Status | Flags |
---|---|---|---|---|---|---|
r-devel-linux-x86_64-debian-clang | 0.1.0 | 1.38 | 61.34 | 62.72 | OK | |
r-devel-linux-x86_64-debian-gcc | 0.1.0 | 1.20 | 62.98 | 64.18 | OK | |
r-devel-linux-x86_64-fedora-clang | 0.1.0 | 116.40 | OK | |||
r-devel-linux-x86_64-fedora-gcc | 0.1.0 | 119.99 | OK | |||
r-devel-windows-ix86+x86_64 | 0.1.0 | 6.00 | 140.00 | 146.00 | OK | |
r-patched-linux-x86_64 | 0.1.0 | 1.28 | 61.12 | 62.40 | OK | |
r-patched-solaris-x86 | 0.1.0 | 116.10 | WARN | |||
r-release-linux-x86_64 | 0.1.0 | 1.30 | 60.76 | 62.07 | OK | |
r-release-windows-ix86+x86_64 | 0.1.0 | 5.00 | 145.00 | 150.00 | OK | |
r-release-osx-x86_64 | 0.1.0 | WARN | ||||
r-oldrel-windows-ix86+x86_64 | 0.1.0 | 5.00 | 101.00 | 106.00 | OK | |
r-oldrel-osx-x86_64 | 0.1.0 | WARN |
Version: 0.1.0
Check: re-building of vignette outputs
Result: WARN
Error in re-building vignettes:
...
Warning in engine$weave(file, quiet = quiet, encoding = enc) :
Pandoc (>= 1.12.3) and/or pandoc-citeproc not available. Falling back to R Markdown v1.
Quitting from lines 65-66 (ahn.Rmd)
Error: processing vignette 'ahn.Rmd' failed with diagnostics:
cannot open the connection
Execution halted
Flavors: r-patched-solaris-x86, r-release-osx-x86_64, r-oldrel-osx-x86_64