Last updated on 2017-07-26 01:56:05.
Flavor | Version | Tinstall | Tcheck | Ttotal | Status | Flags |
---|---|---|---|---|---|---|
r-devel-linux-x86_64-debian-clang | 0.0.2 | 1.10 | 31.79 | 32.90 | OK | |
r-devel-linux-x86_64-debian-gcc | 0.0.2 | 1.12 | 30.99 | 32.11 | OK | |
r-devel-linux-x86_64-fedora-clang | 0.0.2 | 45.10 | OK | |||
r-devel-linux-x86_64-fedora-gcc | 0.0.2 | 45.10 | OK | |||
r-devel-windows-ix86+x86_64 | 0.0.2 | 5.00 | 67.00 | 72.00 | OK | |
r-patched-linux-x86_64 | 0.0.2 | 1.10 | 31.02 | 32.12 | OK | |
r-patched-solaris-x86 | 0.0.2 | 60.50 | OK | |||
r-release-linux-x86_64 | 0.0.2 | 1.09 | 30.75 | 31.84 | OK | |
r-release-windows-ix86+x86_64 | 0.0.2 | 4.00 | 50.00 | 54.00 | OK | |
r-release-osx-x86_64 | 0.0.2 | OK | ||||
r-oldrel-windows-ix86+x86_64 | 0.0.2 | 4.00 | 47.00 | 51.00 | OK | |
r-oldrel-osx-x86_64 | 0.0.2 | ERROR |
Version: 0.0.2
Check: whether package can be installed
Result: ERROR
Installation failed.
Flavor: r-oldrel-osx-x86_64