Last updated on 2017-07-26 01:56:05.
Flavor | Version | Tinstall | Tcheck | Ttotal | Status | Flags |
---|---|---|---|---|---|---|
r-devel-linux-x86_64-debian-clang | 0.3.0 | 8.22 | 25.82 | 34.04 | OK | |
r-devel-linux-x86_64-debian-gcc | 0.3.0 | 7.71 | 25.29 | 33.00 | OK | |
r-devel-linux-x86_64-fedora-clang | 0.3.0 | 51.57 | NOTE | |||
r-devel-linux-x86_64-fedora-gcc | 0.3.0 | 52.02 | NOTE | |||
r-devel-windows-ix86+x86_64 | 0.3.0 | 19.00 | 44.00 | 63.00 | NOTE | |
r-patched-linux-x86_64 | 0.3.0 | 8.11 | 25.38 | 33.49 | OK | |
r-patched-solaris-x86 | 0.3.0 | 85.50 | NOTE | |||
r-release-linux-x86_64 | 0.3.0 | 7.83 | 25.49 | 33.32 | OK | |
r-release-windows-ix86+x86_64 | 0.3.0 | 15.00 | 55.00 | 70.00 | NOTE | |
r-release-osx-x86_64 | 0.3.0 | NOTE | ||||
r-oldrel-windows-ix86+x86_64 | 0.3.0 | 13.00 | 39.00 | 52.00 | NOTE | |
r-oldrel-osx-x86_64 | 0.3.0 | NOTE |
Version: 0.3.0
Check: installed package size
Result: NOTE
installed size is 9.1Mb
sub-directories of 1Mb or more:
data 8.9Mb
Flavors: r-devel-linux-x86_64-fedora-clang, r-devel-linux-x86_64-fedora-gcc, r-devel-windows-ix86+x86_64, r-patched-solaris-x86, r-release-windows-ix86+x86_64, r-release-osx-x86_64, r-oldrel-windows-ix86+x86_64, r-oldrel-osx-x86_64