Last updated on 2017-07-26 01:56:05.
Flavor | Version | Tinstall | Tcheck | Ttotal | Status | Flags |
---|---|---|---|---|---|---|
r-devel-linux-x86_64-debian-clang | 0.1-2 | 7.70 | 142.35 | 150.05 | OK | |
r-devel-linux-x86_64-debian-gcc | 0.1-2 | 7.37 | 139.34 | 146.72 | OK | |
r-devel-linux-x86_64-fedora-clang | 0.1-2 | 267.22 | OK | |||
r-devel-linux-x86_64-fedora-gcc | 0.1-2 | 263.92 | OK | |||
r-devel-windows-ix86+x86_64 | 0.1-2 | 31.00 | 313.00 | 344.00 | OK | |
r-patched-linux-x86_64 | 0.1-2 | 7.50 | 143.83 | 151.33 | OK | |
r-patched-solaris-x86 | 0.1-2 | 314.50 | NOTE | |||
r-release-linux-x86_64 | 0.1-2 | 7.36 | 144.40 | 151.76 | OK | |
r-release-windows-ix86+x86_64 | 0.1-2 | 24.00 | 293.00 | 317.00 | OK | |
r-release-osx-x86_64 | 0.1-2 | NOTE | ||||
r-oldrel-windows-ix86+x86_64 | 0.1-2 | 22.00 | 216.00 | 238.00 | OK | |
r-oldrel-osx-x86_64 | 0.1-2 | OK |
Version: 0.1-2
Check: package dependencies
Result: NOTE
Package suggested but not available for checking: ‘BayesXsrc’
Flavor: r-patched-solaris-x86
Version: 0.1-2
Check: Rd cross-references
Result: NOTE
Package unavailable to check Rd xrefs: ‘BayesXsrc’
Flavor: r-patched-solaris-x86
Version: 0.1-2
Check: package dependencies
Result: NOTE
Package suggested but not available for checking: ‘rjags’
Flavor: r-release-osx-x86_64
Version: 0.1-2
Check: Rd cross-references
Result: NOTE
Package unavailable to check Rd xrefs: ‘rjags’
Flavor: r-release-osx-x86_64