Last updated on 2017-07-26 01:56:05.
Flavor | Version | Tinstall | Tcheck | Ttotal | Status | Flags |
---|---|---|---|---|---|---|
r-devel-linux-x86_64-debian-clang | 1.2.3 | 4.75 | 95.02 | 99.77 | OK | |
r-devel-linux-x86_64-debian-gcc | 1.2.3 | 4.72 | 93.27 | 97.99 | OK | |
r-devel-linux-x86_64-fedora-clang | 1.2.3 | 175.84 | OK | |||
r-devel-linux-x86_64-fedora-gcc | 1.2.3 | 182.39 | OK | |||
r-devel-windows-ix86+x86_64 | 1.2.3 | 17.00 | 175.00 | 192.00 | OK | |
r-patched-linux-x86_64 | 1.2.3 | 5.15 | 95.07 | 100.22 | OK | |
r-patched-solaris-x86 | 1.2.3 | 247.70 | OK | |||
r-release-linux-x86_64 | 1.2.3 | 4.57 | 96.01 | 100.58 | OK | |
r-release-windows-ix86+x86_64 | 1.2.3 | 12.00 | 156.00 | 168.00 | OK | |
r-release-osx-x86_64 | 1.2.3 | WARN | ||||
r-oldrel-windows-ix86+x86_64 | 1.2.3 | 13.00 | 123.00 | 136.00 | OK | |
r-oldrel-osx-x86_64 | 1.2.3 | WARN |
Version: 1.2.3
Check: re-building of vignette outputs
Result: WARN
Error in re-building vignettes:
...
Error in texi2dvi(file = file, pdf = TRUE, clean = clean, quiet = quiet, :
Running 'texi2dvi' on 'bartMachine.tex' failed.
LaTeX errors:
! LaTeX Error: File `algorithm.sty' not found.
Type X to quit or <RETURN> to proceed,
or enter new name. (Default extension: sty)
! Emergency stop.
<read *>
l.3 \graphicspath
{{Figures/}}^^M
! ==> Fatal error occurred, no output PDF file produced!
Calls: buildVignettes -> texi2pdf -> texi2dvi
Execution halted
Flavor: r-release-osx-x86_64
Version: 1.2.3
Check: re-building of vignette outputs
Result: WARN
Error in re-building vignettes:
...
input string 487 is invalid in this locale
Error in texi2dvi(file = file, pdf = TRUE, clean = clean, quiet = quiet, :
Running 'texi2dvi' on 'bartMachine.tex' failed.
LaTeX errors:
! Undefined control sequence.
l.15 x<9c><ed>\<cd>
o^^[<d5>^^V?uh<92>yJ=<b9><b4>/qG8q<86>V<a4>-JSy<c3>C<aa>^^\!<8b>%^^[^^T<84><c4>^^V<f5>^^O`<c3>6<cb>v^^A<0b>6^^H...
The control sequence at the end of the top line
of your error message was never \def'ed. If you have
! Undefined control sequence.
l.16 ...T*e<9a><a6>eY<f1>u<92>R<fe><f0><c3>^^O<b6>m^^O^^O^^O<a3><f4><e7><9f>^^?<fe>裏<ae>\<b9>
<92>L&<e3><f1>x<c0><b8><ab><cf>^^Gݸq<a3>X,nV:55<b5><b3>...
The control sequence at the end of the top line
of your error message was never \def'ed. If you have
! LaTeX Error: Missing \begin{document}.
See the LaTeX manual or LaTeX Companion for explanation.
Type H <return> for immediate help.
...
! Missing $ inserted.
<inserted text>
$
l.16 ...ȣG<8f><c0><86>eY<9f>}<f6>^^Y$MU <a2>^^O?<fc>0<9d>N^^O^^O^^O<ef>r
Calls: buildVignettes -> texi2pdf -> texi2dvi
Execution halted
Flavor: r-oldrel-osx-x86_64