CRAN Package Check Results for Package base64url

Last updated on 2017-07-26 01:56:05.

Flavor Version Tinstall Tcheck Ttotal Status Flags
r-devel-linux-x86_64-debian-clang 1.2 1.25 32.32 33.56 OK
r-devel-linux-x86_64-debian-gcc 1.2 1.12 32.10 33.21 OK
r-devel-linux-x86_64-fedora-clang 1.2 53.07 OK
r-devel-linux-x86_64-fedora-gcc 1.2 50.20 OK
r-devel-windows-ix86+x86_64 1.2 14.00 85.00 99.00 OK
r-patched-linux-x86_64 1.2 1.10 28.84 29.94 OK
r-patched-solaris-x86 1.2 36.90 NOTE
r-release-linux-x86_64 1.2 1.21 28.90 30.11 OK
r-release-windows-ix86+x86_64 1.2 6.00 72.00 78.00 OK
r-release-osx-x86_64 1.2 OK
r-oldrel-windows-ix86+x86_64 1.2 8.00 55.00 63.00 OK
r-oldrel-osx-x86_64 1.2 OK

Check Details

Version: 1.2
Check: package dependencies
Result: NOTE
    Package suggested but not available for checking: ‘microbenchmark’
Flavor: r-patched-solaris-x86