Last updated on 2017-07-26 01:56:05.
Flavor | Version | Tinstall | Tcheck | Ttotal | Status | Flags |
---|---|---|---|---|---|---|
r-devel-linux-x86_64-debian-clang | 0.3.0 | 0.71 | 27.74 | 28.44 | NOTE | |
r-devel-linux-x86_64-debian-gcc | 0.3.0 | 0.71 | 27.22 | 27.93 | NOTE | |
r-devel-linux-x86_64-fedora-clang | 0.3.0 | 36.71 | NOTE | |||
r-devel-linux-x86_64-fedora-gcc | 0.3.0 | 38.59 | NOTE | |||
r-devel-windows-ix86+x86_64 | 0.3.0 | 3.00 | 52.00 | 55.00 | NOTE | |
r-patched-linux-x86_64 | 0.3.0 | 0.75 | 28.02 | 28.77 | NOTE | |
r-patched-solaris-x86 | 0.3.0 | 48.30 | NOTE | |||
r-release-linux-x86_64 | 0.3.0 | 0.72 | 27.88 | 28.60 | NOTE | |
r-release-windows-ix86+x86_64 | 0.3.0 | 3.00 | 38.00 | 41.00 | NOTE | |
r-release-osx-x86_64 | 0.3.0 | NOTE | ||||
r-oldrel-windows-ix86+x86_64 | 0.3.0 | 3.00 | 38.00 | 41.00 | NOTE | |
r-oldrel-osx-x86_64 | 0.3.0 | NOTE |
Version: 0.3.0
Check: R code for possible problems
Result: NOTE
bentcable.ar: no visible global function definition for ‘plot’
bentcable.ar: no visible global function definition for ‘title’
bentcable.ar: no visible global function definition for ‘coef’
bentcable.ar: no visible global function definition for ‘abline’
bentcable.dev.plot: no visible global function definition for ‘contour’
bentcable.dev.plot: no visible global function definition for ‘plot’
cable.Sig.ar.p: no visible global function definition for ‘ar’
cable.Sig.ar.p: no visible global function definition for ‘acf’
cable.ar.p.diag: no visible global function definition for ‘par’
cable.ar.p.diag: no visible global function definition for ‘plot’
cable.ar.p.diag: no visible global function definition for ‘text’
cable.ar.p.diag: no visible global function definition for ‘abline’
cable.ar.p.diag: no visible global function definition for ‘acf’
cable.ar.p.diag: no visible global function definition for ‘pacf’
cable.ar.p.iter: no visible global function definition for ‘nls’
cable.ar.p.iter: no visible global function definition for ‘optim’
cable.ar.p.plot: no visible global function definition for ‘plot’
cable.ar.p.plot: no visible global function definition for ‘abline’
cable.change.conf: no visible global function definition for ‘coef’
cable.change.conf: no visible global function definition for ‘qnorm’
cable.dev: no visible global function definition for ‘na.omit’
cable.diagnose.resid: no visible global function definition for ‘resid’
cable.diagnose.resid: no visible global function definition for ‘pacf’
cable.diagnose.resid: no visible global function definition for ‘ar’
cable.fit.known.change: no visible global function definition for ‘lm’
cable.fit.known.change: no visible global function definition for
‘coef’
cable.lines: no visible global function definition for ‘segments’
cable.lines: no visible global function definition for ‘lines’
cable.lines: no visible global function definition for ‘abline’
cable.loop: no visible global function definition for ‘lm’
cable.loop.ar.p: no visible global function definition for ‘arima’
is.stationary: no visible global function definition for ‘arima.sim’
stick.ar.0: no visible global function definition for ‘nls’
Undefined global functions or variables:
abline acf ar arima arima.sim coef contour lines lm na.omit nls optim
pacf par plot qnorm resid segments text title
Consider adding
importFrom("graphics", "abline", "contour", "lines", "par", "plot",
"segments", "text", "title")
importFrom("stats", "acf", "ar", "arima", "arima.sim", "coef", "lm",
"na.omit", "nls", "optim", "pacf", "qnorm", "resid")
to your NAMESPACE file.
Flavors: r-devel-linux-x86_64-debian-clang, r-devel-linux-x86_64-debian-gcc, r-devel-linux-x86_64-fedora-clang, r-devel-linux-x86_64-fedora-gcc, r-devel-windows-ix86+x86_64, r-patched-linux-x86_64, r-patched-solaris-x86, r-release-linux-x86_64, r-release-windows-ix86+x86_64, r-release-osx-x86_64, r-oldrel-windows-ix86+x86_64, r-oldrel-osx-x86_64