Last updated on 2017-07-26 01:56:06.
Flavor | Version | Tinstall | Tcheck | Ttotal | Status | Flags |
---|---|---|---|---|---|---|
r-devel-linux-x86_64-debian-clang | 1.0 | 0.58 | 39.92 | 40.51 | NOTE | |
r-devel-linux-x86_64-debian-gcc | 1.0 | 0.64 | 37.57 | 38.22 | NOTE | |
r-devel-linux-x86_64-fedora-clang | 1.0 | 69.82 | NOTE | |||
r-devel-linux-x86_64-fedora-gcc | 1.0 | 64.81 | NOTE | |||
r-devel-windows-ix86+x86_64 | 1.0 | 4.00 | 93.00 | 97.00 | NOTE | |
r-patched-linux-x86_64 | 1.0 | 0.73 | 39.72 | 40.45 | NOTE | |
r-patched-solaris-x86 | 1.0 | 78.40 | NOTE | |||
r-release-linux-x86_64 | 1.0 | 0.71 | 39.25 | 39.95 | NOTE | |
r-release-windows-ix86+x86_64 | 1.0 | 3.00 | 81.00 | 84.00 | NOTE | |
r-release-osx-x86_64 | 1.0 | NOTE | ||||
r-oldrel-windows-ix86+x86_64 | 1.0 | 2.00 | 59.00 | 61.00 | NOTE | |
r-oldrel-osx-x86_64 | 1.0 | NOTE |
Version: 1.0
Check: R code for possible problems
Result: NOTE
bnlr: no visible global function definition for ‘dnorm’
bnlr: no visible global function definition for ‘runif’
chainsum : <anonymous>: no visible global function definition for
‘quantile’
infocrit: no visible global function definition for ‘dnorm’
Undefined global functions or variables:
dnorm quantile runif
Consider adding
importFrom("stats", "dnorm", "quantile", "runif")
to your NAMESPACE file.
Flavors: r-devel-linux-x86_64-debian-clang, r-devel-linux-x86_64-debian-gcc, r-devel-linux-x86_64-fedora-clang, r-devel-linux-x86_64-fedora-gcc, r-devel-windows-ix86+x86_64, r-patched-linux-x86_64, r-patched-solaris-x86, r-release-linux-x86_64, r-release-windows-ix86+x86_64, r-release-osx-x86_64, r-oldrel-windows-ix86+x86_64, r-oldrel-osx-x86_64