CRAN Package Check Results for Package bold

Last updated on 2017-07-26 01:56:06.

Flavor Version Tinstall Tcheck Ttotal Status Flags
r-devel-linux-x86_64-debian-clang 0.5.0 1.06 27.98 29.04 OK
r-devel-linux-x86_64-debian-gcc 0.5.0 1.09 27.01 28.10 OK
r-devel-linux-x86_64-fedora-clang 0.5.0 39.65 OK
r-devel-linux-x86_64-fedora-gcc 0.5.0 38.56 OK
r-devel-windows-ix86+x86_64 0.5.0 6.00 71.00 77.00 OK
r-patched-linux-x86_64 0.5.0 1.20 27.49 28.70 OK
r-patched-solaris-x86 0.5.0 61.90 OK
r-release-linux-x86_64 0.5.0 1.18 27.28 28.47 OK
r-release-windows-ix86+x86_64 0.5.0 5.00 45.00 50.00 ERROR
r-release-osx-x86_64 0.5.0 NOTE
r-oldrel-windows-ix86+x86_64 0.5.0 4.00 43.00 47.00 OK
r-oldrel-osx-x86_64 0.5.0 OK

Check Details

Version: 0.5.0
Check: whether package can be installed
Result: ERROR
    Installation failed.
Flavor: r-release-windows-ix86+x86_64

Version: 0.5.0
Check: package dependencies
Result: NOTE
    Package suggested but not available for checking: ‘sangerseqR’
Flavor: r-release-osx-x86_64