CRAN Package Check Results for Package breathtestcore

Last updated on 2017-07-26 01:56:06.

Flavor Version Tinstall Tcheck Ttotal Status Flags
r-devel-linux-x86_64-debian-clang 0.3.0 1.94 64.79 66.73 OK
r-devel-linux-x86_64-debian-gcc 0.3.0 2.03 62.35 64.38 OK
r-devel-linux-x86_64-fedora-clang 0.3.0 110.92 OK
r-devel-linux-x86_64-fedora-gcc 0.3.0 109.72 OK
r-devel-windows-ix86+x86_64 0.3.0 13.00 135.00 148.00 OK
r-patched-linux-x86_64 0.3.0 2.04 62.09 64.13 OK
r-patched-solaris-x86 0.3.0 130.00 OK
r-release-linux-x86_64 0.3.0 2.08 61.72 63.81 OK
r-release-windows-ix86+x86_64 0.3.0 8.00 100.00 108.00 OK
r-release-osx-x86_64 0.3.0 OK
r-oldrel-osx-x86_64 0.3.0 ERROR

Check Details

Version: 0.3.0
Check: whether package can be installed
Result: ERROR
    Installation failed.
Flavor: r-oldrel-osx-x86_64