CRAN Package Check Results for Package bvpSolve

Last updated on 2017-07-26 01:56:07.

Flavor Version Tinstall Tcheck Ttotal Status Flags
r-devel-linux-x86_64-debian-clang 1.3.3 18.47 61.28 79.76 NOTE
r-devel-linux-x86_64-debian-gcc 1.3.3 20.19 62.68 82.86 NOTE
r-devel-linux-x86_64-fedora-clang 1.3.3 137.68 NOTE
r-devel-linux-x86_64-fedora-gcc 1.3.3 138.04 NOTE
r-devel-windows-ix86+x86_64 1.3.3 93.00 162.00 255.00 OK
r-patched-linux-x86_64 1.3.3 18.75 61.70 80.44 NOTE
r-patched-solaris-x86 1.3.3 155.30 OK
r-release-linux-x86_64 1.3.3 19.11 61.91 81.02 NOTE
r-release-windows-ix86+x86_64 1.3.3 52.00 121.00 173.00 OK
r-release-osx-x86_64 1.3.3 OK
r-oldrel-windows-ix86+x86_64 1.3.3 62.00 130.00 192.00 OK
r-oldrel-osx-x86_64 1.3.3 OK

Additional issues

rchk

Check Details

Version: 1.3.3
Check: compiled code
Result: NOTE
    File ‘bvpSolve/libs/bvpSolve.so’:
     Found no calls to: ‘R_registerRoutines’, ‘R_useDynamicSymbols’
    
    It is good practice to register native routines and to disable symbol
    search.
    
    See ‘Writing portable packages’ in the ‘Writing R Extensions’ manual.
Flavors: r-devel-linux-x86_64-debian-clang, r-devel-linux-x86_64-debian-gcc, r-devel-linux-x86_64-fedora-clang, r-devel-linux-x86_64-fedora-gcc, r-patched-linux-x86_64, r-release-linux-x86_64