Last updated on 2017-07-26 01:56:07.
Flavor | Version | Tinstall | Tcheck | Ttotal | Status | Flags |
---|---|---|---|---|---|---|
r-devel-linux-x86_64-debian-clang | 0.11.0 | 6.03 | 87.69 | 93.72 | OK | |
r-devel-linux-x86_64-debian-gcc | 0.11.0 | 6.73 | 85.05 | 91.78 | OK | |
r-devel-linux-x86_64-fedora-clang | 0.11.0 | 182.72 | OK | |||
r-devel-linux-x86_64-fedora-gcc | 0.11.0 | 183.73 | OK | |||
r-devel-windows-ix86+x86_64 | 0.11.0 | 26.00 | 192.00 | 218.00 | OK | |
r-patched-linux-x86_64 | 0.11.0 | 6.95 | 92.80 | 99.75 | OK | |
r-patched-solaris-x86 | 0.11.0 | 253.50 | OK | |||
r-release-linux-x86_64 | 0.11.0 | 6.49 | 87.86 | 94.35 | OK | |
r-release-windows-ix86+x86_64 | 0.11.0 | 19.00 | 198.00 | 217.00 | OK | |
r-release-osx-x86_64 | 0.11.0 | OK | ||||
r-oldrel-windows-ix86+x86_64 | 0.9.1 | 19.00 | 107.00 | 126.00 | OK | |
r-oldrel-osx-x86_64 | 0.11.0 | ERROR |
Version: 0.11.0
Check: whether package can be installed
Result: ERROR
Installation failed.
Flavor: r-oldrel-osx-x86_64