Last updated on 2017-07-26 01:56:07.
Flavor | Version | Tinstall | Tcheck | Ttotal | Status | Flags |
---|---|---|---|---|---|---|
r-devel-linux-x86_64-debian-clang | 0.5-6 | 3.33 | 86.23 | 89.56 | OK | |
r-devel-linux-x86_64-debian-gcc | 0.5-6 | 2.94 | 85.34 | 88.28 | OK | |
r-devel-linux-x86_64-fedora-clang | 0.5-6 | 160.89 | OK | |||
r-devel-linux-x86_64-fedora-gcc | 0.5-6 | 154.21 | OK | |||
r-devel-windows-ix86+x86_64 | 0.5-6 | 11.00 | 170.00 | 181.00 | OK | |
r-patched-linux-x86_64 | 0.5-6 | 2.94 | 87.06 | 90.00 | OK | |
r-patched-solaris-x86 | 0.5-6 | 205.50 | OK | |||
r-release-linux-x86_64 | 0.5-6 | 2.94 | 87.28 | 90.22 | OK | |
r-release-windows-ix86+x86_64 | 0.5-6 | 8.00 | 171.00 | 179.00 | OK | |
r-release-osx-x86_64 | 0.5-6 | NOTE | ||||
r-oldrel-windows-ix86+x86_64 | 0.5-6 | 8.00 | 119.00 | 127.00 | OK | |
r-oldrel-osx-x86_64 | 0.5-6 | OK |
Version: 0.5-6
Check: re-building of vignette outputs
Result: NOTE
Error in re-building vignettes:
...
Warning: attributes are not identical across measure variables; they will be dropped
Warning: attributes are not identical across measure variables; they will be dropped
Error in texi2dvi(file = file, pdf = TRUE, clean = clean, quiet = quiet, :
Running 'texi2dvi' on 'vignette.tex' failed.
LaTeX errors:
! LaTeX Error: File `multirow.sty' not found.
Type X to quit or <RETURN> to proceed,
or enter new name. (Default extension: sty)
! Emergency stop.
<read *>
l.9 \usepackage
{Sweave}^^M
! ==> Fatal error occurred, no output PDF file produced!
Calls: buildVignettes -> texi2pdf -> texi2dvi
Execution halted
Flavor: r-release-osx-x86_64