Last updated on 2017-07-26 01:56:08.
Flavor | Version | Tinstall | Tcheck | Ttotal | Status | Flags |
---|---|---|---|---|---|---|
r-devel-linux-x86_64-debian-clang | 0.45-2 | 2.72 | 66.67 | 69.39 | OK | |
r-devel-linux-x86_64-debian-gcc | 0.45-2 | 2.55 | 64.81 | 67.36 | OK | |
r-devel-linux-x86_64-fedora-clang | 0.45-2 | 111.23 | NOTE | |||
r-devel-linux-x86_64-fedora-gcc | 0.45-2 | 106.36 | NOTE | |||
r-devel-windows-ix86+x86_64 | 0.45-2 | 16.00 | 162.00 | 178.00 | NOTE | |
r-patched-linux-x86_64 | 0.45-2 | 2.61 | 67.22 | 69.83 | OK | |
r-patched-solaris-x86 | 0.45-2 | 125.40 | NOTE | |||
r-release-linux-x86_64 | 0.45-2 | 2.49 | 66.46 | 68.95 | OK | |
r-release-windows-ix86+x86_64 | 0.45-2 | 10.00 | 167.00 | 177.00 | NOTE | |
r-release-osx-x86_64 | 0.45-2 | NOTE | ||||
r-oldrel-windows-ix86+x86_64 | 0.45-2 | 10.00 | 117.00 | 127.00 | NOTE | |
r-oldrel-osx-x86_64 | 0.45-2 | NOTE |
Version: 0.45-2
Check: installed package size
Result: NOTE
installed size is 5.5Mb
sub-directories of 1Mb or more:
doc 2.9Mb
pdf 2.2Mb
Flavors: r-devel-linux-x86_64-fedora-clang, r-devel-linux-x86_64-fedora-gcc, r-devel-windows-ix86+x86_64, r-patched-solaris-x86, r-release-windows-ix86+x86_64, r-release-osx-x86_64, r-oldrel-windows-ix86+x86_64, r-oldrel-osx-x86_64