Last updated on 2017-07-26 01:56:08.
Flavor | Version | Tinstall | Tcheck | Ttotal | Status | Flags |
---|---|---|---|---|---|---|
r-devel-linux-x86_64-debian-clang | 0.3.1 | 2.49 | 49.06 | 51.55 | OK | |
r-devel-linux-x86_64-debian-gcc | 0.3.1 | 2.59 | 48.49 | 51.08 | OK | |
r-devel-linux-x86_64-fedora-clang | 0.3.1 | 106.95 | OK | |||
r-devel-linux-x86_64-fedora-gcc | 0.3.1 | 99.18 | OK | |||
r-devel-windows-ix86+x86_64 | 0.3.1 | 10.00 | 107.00 | 117.00 | OK | |
r-patched-linux-x86_64 | 0.3.1 | 2.56 | 49.62 | 52.18 | OK | |
r-patched-solaris-x86 | 0.3.1 | 133.40 | OK | |||
r-release-linux-x86_64 | 0.3.1 | 2.48 | 50.14 | 52.61 | OK | |
r-release-windows-ix86+x86_64 | 0.3.1 | 7.00 | 106.00 | 113.00 | OK | |
r-release-osx-x86_64 | 0.3.1 | WARN | ||||
r-oldrel-windows-ix86+x86_64 | 0.3.1 | 6.00 | 77.00 | 83.00 | OK | |
r-oldrel-osx-x86_64 | 0.3.1 | OK |
Version: 0.3.1
Check: re-building of vignette outputs
Result: WARN
Error in re-building vignettes:
...
Warning: running command 'kpsewhich framed.sty' had status 1
Warning in test_latex_pkg("framed", system.file("misc", "framed.sty", package = "knitr")) :
unable to find LaTeX package 'framed'; will use a copy from knitr
Error in texi2dvi(file = file, pdf = TRUE, clean = clean, quiet = quiet, :
Running 'texi2dvi' on 'codingMatrices.tex' failed.
LaTeX errors:
! LaTeX Error: File `fouriernc.sty' not found.
Type X to quit or <RETURN> to proceed,
or enter new name. (Default extension: sty)
! Emergency stop.
<read *>
l.8 \usepackage
{parskip}^^M
! ==> Fatal error occurred, no output PDF file produced!
Calls: buildVignettes -> texi2pdf -> texi2dvi
Execution halted
Flavor: r-release-osx-x86_64