Last updated on 2017-07-26 01:56:08.
Flavor | Version | Tinstall | Tcheck | Ttotal | Status | Flags |
---|---|---|---|---|---|---|
r-devel-linux-x86_64-debian-clang | 1.4.2 | 3.80 | 61.02 | 64.82 | OK | |
r-devel-linux-x86_64-debian-gcc | 1.4.2 | 3.45 | 59.83 | 63.28 | OK | |
r-devel-linux-x86_64-fedora-clang | 1.4.2 | 125.52 | OK | |||
r-devel-linux-x86_64-fedora-gcc | 1.4.2 | 121.17 | OK | |||
r-devel-windows-ix86+x86_64 | 1.4.2 | 13.00 | 126.00 | 139.00 | OK | |
r-patched-linux-x86_64 | 1.4.2 | 3.83 | 60.38 | 64.21 | OK | |
r-patched-solaris-x86 | 1.4.2 | 162.60 | OK | |||
r-release-linux-x86_64 | 1.4.2 | 3.69 | 60.55 | 64.24 | OK | |
r-release-windows-ix86+x86_64 | 1.4.2 | 9.00 | 120.00 | 129.00 | OK | |
r-release-osx-x86_64 | 1.4.2 | ERROR | ||||
r-oldrel-windows-ix86+x86_64 | 1.4.2 | 9.00 | 90.00 | 99.00 | OK | |
r-oldrel-osx-x86_64 | 1.4.2 | OK |
Version: 1.4.2
Check: package dependencies
Result: ERROR
Packages required but not available: ‘copula’ ‘vines’
See section ‘The DESCRIPTION file’ in the ‘Writing R Extensions’
manual.
Flavor: r-release-osx-x86_64