Last updated on 2017-07-26 01:56:09.
Flavor | Version | Tinstall | Tcheck | Ttotal | Status | Flags |
---|---|---|---|---|---|---|
r-devel-linux-x86_64-debian-clang | 0.1-1 | 0.63 | 18.03 | 18.66 | NOTE | |
r-devel-linux-x86_64-debian-gcc | 0.1-1 | 0.64 | 17.70 | 18.34 | NOTE | |
r-devel-linux-x86_64-fedora-clang | 0.1-1 | 20.22 | NOTE | |||
r-devel-linux-x86_64-fedora-gcc | 0.1-1 | 19.33 | NOTE | |||
r-devel-windows-ix86+x86_64 | 0.1-1 | 3.00 | 34.00 | 37.00 | NOTE | |
r-patched-linux-x86_64 | 0.1-1 | 0.55 | 17.87 | 18.43 | NOTE | |
r-patched-solaris-x86 | 0.1-1 | 30.40 | NOTE | |||
r-release-linux-x86_64 | 0.1-1 | 0.70 | 17.93 | 18.63 | NOTE | |
r-release-windows-ix86+x86_64 | 0.1-1 | 2.00 | 25.00 | 27.00 | NOTE | |
r-release-osx-x86_64 | 0.1-1 | NOTE | ||||
r-oldrel-windows-ix86+x86_64 | 0.1-1 | 2.00 | 25.00 | 27.00 | NOTE | |
r-oldrel-osx-x86_64 | 0.1-1 | NOTE |
Version: 0.1-1
Check: for hidden files and directories
Result: NOTE
Found the following hidden files and directories:
.gitignore
These were most likely included in error. See section ‘Package
structure’ in the ‘Writing R Extensions’ manual.
Flavors: r-devel-linux-x86_64-debian-clang, r-devel-linux-x86_64-debian-gcc, r-devel-linux-x86_64-fedora-clang, r-devel-linux-x86_64-fedora-gcc, r-devel-windows-ix86+x86_64, r-patched-linux-x86_64, r-patched-solaris-x86, r-release-linux-x86_64, r-release-windows-ix86+x86_64, r-release-osx-x86_64, r-oldrel-windows-ix86+x86_64, r-oldrel-osx-x86_64
Version: 0.1-1
Check: DESCRIPTION meta-information
Result: NOTE
Malformed Title field: should not end in a period.
License components which are templates and need '+ file LICENSE':
MIT
Flavors: r-devel-linux-x86_64-debian-clang, r-devel-linux-x86_64-debian-gcc, r-devel-linux-x86_64-fedora-clang, r-devel-linux-x86_64-fedora-gcc, r-patched-linux-x86_64, r-patched-solaris-x86, r-release-linux-x86_64, r-release-osx-x86_64, r-oldrel-osx-x86_64
Version: 0.1-1
Check: top-level files
Result: NOTE
Non-standard files/directories found at top level:
‘BUGS.md’ ‘TODO.md’ ‘benchmarks’ ‘build_script.sh’ ‘doc’
‘iddply_dt.R’ ‘profiling’
Flavors: r-devel-linux-x86_64-debian-clang, r-devel-linux-x86_64-debian-gcc, r-devel-linux-x86_64-fedora-clang, r-devel-linux-x86_64-fedora-gcc, r-patched-linux-x86_64, r-release-linux-x86_64
Version: 0.1-1
Check: DESCRIPTION meta-information
Result: NOTE
Malformed Title field: should not end in a period.
Flavors: r-devel-windows-ix86+x86_64, r-release-windows-ix86+x86_64, r-oldrel-windows-ix86+x86_64