CRAN Package Check Results for Package darts

Last updated on 2017-07-26 01:56:09.

Flavor Version Tinstall Tcheck Ttotal Status Flags
r-devel-linux-x86_64-debian-clang 1.0 1.05 24.34 25.39 NOTE
r-devel-linux-x86_64-debian-gcc 1.0 1.08 24.28 25.36 NOTE
r-devel-linux-x86_64-fedora-clang 1.0 38.02 NOTE
r-devel-linux-x86_64-fedora-gcc 1.0 33.68 NOTE
r-devel-windows-ix86+x86_64 1.0 8.00 254.00 262.00 NOTE
r-patched-linux-x86_64 1.0 1.00 24.38 25.38 NOTE
r-patched-solaris-x86 1.0 53.60 NOTE
r-release-linux-x86_64 1.0 1.09 24.58 25.67 NOTE
r-release-windows-ix86+x86_64 1.0 5.00 240.00 245.00 NOTE
r-release-osx-x86_64 1.0 NOTE
r-oldrel-windows-ix86+x86_64 1.0 5.00 250.00 255.00 NOTE
r-oldrel-osx-x86_64 1.0 NOTE

Check Details

Version: 1.0
Check: R code for possible problems
Result: NOTE
    drawAimSpot: no visible global function definition for ‘points’
    drawBoard: no visible global function definition for ‘par’
    drawBoard: no visible global function definition for ‘plot’
    drawBoard: no visible global function definition for ‘points’
    drawBoard: no visible global function definition for ‘text’
    drawHeatmap: no visible global function definition for ‘heat.colors’
    drawHeatmap: no visible global function definition for ‘par’
    drawHeatmap: no visible global function definition for ‘image’
    drawHeatmap: no visible global function definition for ‘rect’
    generalExpScores: no visible global function definition for ‘fft’
    simpleExpScores: no visible global function definition for ‘mvfft’
    simpleExpScores: no visible global function definition for ‘fft’
    Undefined global functions or variables:
     fft heat.colors image mvfft par plot points rect text
    Consider adding
     importFrom("grDevices", "heat.colors")
     importFrom("graphics", "image", "par", "plot", "points", "rect",
     "text")
     importFrom("stats", "fft", "mvfft")
    to your NAMESPACE file.
Flavors: r-devel-linux-x86_64-debian-clang, r-devel-linux-x86_64-debian-gcc, r-devel-linux-x86_64-fedora-clang, r-devel-linux-x86_64-fedora-gcc, r-devel-windows-ix86+x86_64, r-patched-linux-x86_64, r-patched-solaris-x86, r-release-linux-x86_64, r-release-windows-ix86+x86_64, r-release-osx-x86_64, r-oldrel-windows-ix86+x86_64, r-oldrel-osx-x86_64

Version: 1.0
Check: compiled code
Result: NOTE
    File ‘darts/libs/darts.so’:
     Found no calls to: ‘R_registerRoutines’, ‘R_useDynamicSymbols’
    
    It is good practice to register native routines and to disable symbol
    search.
    
    See ‘Writing portable packages’ in the ‘Writing R Extensions’ manual.
Flavors: r-devel-linux-x86_64-debian-clang, r-devel-linux-x86_64-debian-gcc, r-devel-linux-x86_64-fedora-clang, r-devel-linux-x86_64-fedora-gcc, r-patched-linux-x86_64, r-release-linux-x86_64