CRAN Package Check Results for Package dbplyr

Last updated on 2017-07-26 01:56:09.

Flavor Version Tinstall Tcheck Ttotal Status Flags
r-devel-linux-x86_64-debian-clang 1.1.0 2.08 55.92 58.00 OK
r-devel-linux-x86_64-debian-gcc 1.1.0 1.98 57.25 59.23 OK
r-devel-linux-x86_64-fedora-clang 1.1.0 102.90 NOTE
r-devel-linux-x86_64-fedora-gcc 1.1.0 97.62 NOTE
r-devel-windows-ix86+x86_64 1.1.0 8.00 126.00 134.00 OK
r-patched-linux-x86_64 1.1.0 1.88 54.59 56.47 OK
r-patched-solaris-x86 1.1.0 129.70 NOTE
r-release-linux-x86_64 1.1.0 1.84 54.52 56.36 OK
r-release-windows-ix86+x86_64 1.1.0 6.00 120.00 126.00 OK
r-release-osx-x86_64 1.1.0 NOTE
r-oldrel-windows-ix86+x86_64 1.1.0 6.00 95.00 101.00 OK
r-oldrel-osx-x86_64 1.1.0 NOTE

Check Details

Version: 1.1.0
Check: dependencies in R code
Result: NOTE
    Namespace in Imports field not imported from: ‘tibble’
     All declared Imports should be used.
Flavors: r-devel-linux-x86_64-fedora-clang, r-devel-linux-x86_64-fedora-gcc, r-patched-solaris-x86, r-release-osx-x86_64, r-oldrel-osx-x86_64

Version: 1.1.0
Check: package dependencies
Result: NOTE
    Package suggested but not available for checking: ‘RMySQL’
Flavor: r-patched-solaris-x86