CRAN Package Check Results for Package demography

Last updated on 2017-07-26 01:56:09.

Flavor Version Tinstall Tcheck Ttotal Status Flags
r-devel-linux-x86_64-debian-clang 1.20 8.84 100.06 108.90 OK
r-devel-linux-x86_64-debian-gcc 1.20 8.33 98.63 106.96 OK
r-devel-linux-x86_64-fedora-clang 1.20 205.52 OK
r-devel-linux-x86_64-fedora-gcc 1.20 196.01 OK
r-devel-windows-ix86+x86_64 1.20 29.00 208.00 237.00 OK
r-patched-linux-x86_64 1.20 8.52 101.37 109.88 OK
r-patched-solaris-x86 1.20 260.00 OK
r-release-linux-x86_64 1.20 8.95 100.45 109.40 OK
r-release-windows-ix86+x86_64 1.20 18.00 206.00 224.00 OK
r-release-osx-x86_64 1.20 OK
r-oldrel-windows-ix86+x86_64 1.19 21.00 187.00 208.00 OK
r-oldrel-osx-x86_64 1.20 ERROR

Check Details

Version: 1.20
Check: package dependencies
Result: ERROR
    Package required and available but unsuitable version: ‘ftsa’
    
    See section ‘The DESCRIPTION file’ in the ‘Writing R Extensions’
    manual.
Flavor: r-oldrel-osx-x86_64