Last updated on 2017-07-26 01:56:10.
Flavor | Version | Tinstall | Tcheck | Ttotal | Status | Flags |
---|---|---|---|---|---|---|
r-devel-linux-x86_64-debian-clang | 0.6.12 | 4.08 | 24.18 | 28.26 | OK | |
r-devel-linux-x86_64-debian-gcc | 0.6.12 | 3.20 | 22.86 | 26.06 | OK | |
r-devel-linux-x86_64-fedora-clang | 0.6.12 | 36.93 | OK | |||
r-devel-linux-x86_64-fedora-gcc | 0.6.12 | 33.60 | OK | |||
r-devel-windows-ix86+x86_64 | 0.6.12 | 36.00 | 46.00 | 82.00 | WARN | |
r-patched-linux-x86_64 | 0.6.12 | 3.00 | 23.01 | 26.00 | OK | |
r-patched-solaris-x86 | 0.6.12 | 53.00 | OK | |||
r-release-linux-x86_64 | 0.6.12 | 3.02 | 23.06 | 26.08 | OK | |
r-release-windows-ix86+x86_64 | 0.6.12 | 21.00 | 57.00 | 78.00 | OK | |
r-release-osx-x86_64 | 0.6.12 | OK | ||||
r-oldrel-windows-ix86+x86_64 | 0.6.12 | 22.00 | 40.00 | 62.00 | OK | |
r-oldrel-osx-x86_64 | 0.6.12 | OK |
Version: 0.6.12
Check: whether package can be installed
Result: WARN
Found the following significant warnings:
digest.c:181:9: warning: ISO C does not support the 'I64' ms_printf length modifier [-Wformat=]
digest.c:396:9: warning: ISO C does not support the 'I64' ms_printf length modifier [-Wformat=]
Flavor: r-devel-windows-ix86+x86_64