CRAN Package Check Results for Package downscale

Last updated on 2017-07-26 01:56:10.

Flavor Version Tinstall Tcheck Ttotal Status Flags
r-devel-linux-x86_64-debian-clang 1.2-4 3.74 89.38 93.12 WARN
r-devel-linux-x86_64-debian-gcc 1.2-4 3.34 88.06 91.40 WARN
r-devel-linux-x86_64-fedora-clang 1.2-4 136.90 WARN
r-devel-linux-x86_64-fedora-gcc 1.2-4 130.57 WARN
r-devel-windows-ix86+x86_64 1.2-4 15.00 166.00 181.00 OK
r-patched-linux-x86_64 1.2-4 3.38 88.78 92.16 WARN
r-patched-solaris-x86 1.2-4 165.50 WARN
r-release-linux-x86_64 1.2-4 3.40 90.00 93.39 WARN
r-release-windows-ix86+x86_64 1.2-4 9.00 160.00 169.00 OK
r-release-osx-x86_64 1.2-4 NOTE
r-oldrel-windows-ix86+x86_64 1.2-4 9.00 112.00 121.00 OK
r-oldrel-osx-x86_64 1.2-4 OK

Check Details

Version: 1.2-4
Check: re-building of vignette outputs
Result: WARN
    Error in re-building vignettes:
     ...
    Error in texi2dvi(file = file, pdf = TRUE, clean = clean, quiet = quiet, :
     Running ‘texi2dvi’ on ‘Downscaling.tex’ failed.
    LaTeX errors:
    !pdfTeX error: pdflatex (file /home/hornik/tmp/R.check/r-devel-clang/Work/PKGS/
    downscale.Rcheck/vign_test/downscale/vignettes/Downscaling-downscale11.pdf): PD
    F inclusion: required page does not exist <0>
     ==> Fatal error occurred, no output PDF file produced!
    Calls: buildVignettes -> texi2pdf -> texi2dvi
    Execution halted
Flavor: r-devel-linux-x86_64-debian-clang

Version: 1.2-4
Check: re-building of vignette outputs
Result: WARN
    Error in re-building vignettes:
     ...
    Error in texi2dvi(file = file, pdf = TRUE, clean = clean, quiet = quiet, :
     Running ‘texi2dvi’ on ‘Downscaling.tex’ failed.
    LaTeX errors:
    !pdfTeX error: pdflatex (file /home/hornik/tmp/R.check/r-devel-gcc/Work/PKGS/do
    wnscale.Rcheck/vign_test/downscale/vignettes/Downscaling-downscale11.pdf): PDF
    inclusion: required page does not exist <0>
     ==> Fatal error occurred, no output PDF file produced!
    Calls: buildVignettes -> texi2pdf -> texi2dvi
    Execution halted
Flavor: r-devel-linux-x86_64-debian-gcc

Version: 1.2-4
Check: re-building of vignette outputs
Result: WARN
    Error in re-building vignettes:
     ...
    Error in texi2dvi(file = file, pdf = TRUE, clean = clean, quiet = quiet, :
     Running 'texi2dvi' on 'Downscaling.tex' failed.
    LaTeX errors:
    !pdfTeX error: pdflatex (file /data/gannet/ripley/R/packages/tests-clang/downsc
    ale.Rcheck/vign_test/downscale/vignettes/Downscaling-downscale11.pdf): PDF incl
    usion: required page does not exist <0>
     ==> Fatal error occurred, no output PDF file produced!
    Calls: buildVignettes -> texi2pdf -> texi2dvi
    Execution halted
Flavor: r-devel-linux-x86_64-fedora-clang

Version: 1.2-4
Check: re-building of vignette outputs
Result: WARN
    Error in re-building vignettes:
     ...
    Error in texi2dvi(file = file, pdf = TRUE, clean = clean, quiet = quiet, :
     Running 'texi2dvi' on 'Downscaling.tex' failed.
    LaTeX errors:
    !pdfTeX error: pdflatex (file /data/gannet/ripley/R/packages/tests-devel/downsc
    ale.Rcheck/vign_test/downscale/vignettes/Downscaling-downscale11.pdf): PDF incl
    usion: required page does not exist <0>
     ==> Fatal error occurred, no output PDF file produced!
    Calls: buildVignettes -> texi2pdf -> texi2dvi
    Execution halted
Flavor: r-devel-linux-x86_64-fedora-gcc

Version: 1.2-4
Check: re-building of vignette outputs
Result: WARN
    Error in re-building vignettes:
     ...
    Error in texi2dvi(file = file, pdf = TRUE, clean = clean, quiet = quiet, :
     Running ‘texi2dvi’ on ‘Downscaling.tex’ failed.
    LaTeX errors:
    !pdfTeX error: pdflatex (file /home/hornik/tmp/R.check/r-patched-gcc/Work/PKGS/
    downscale.Rcheck/vign_test/downscale/vignettes/Downscaling-downscale11.pdf): PD
    F inclusion: required page does not exist <0>
     ==> Fatal error occurred, no output PDF file produced!
    Calls: buildVignettes -> texi2pdf -> texi2dvi
    Execution halted
Flavor: r-patched-linux-x86_64

Version: 1.2-4
Check: re-building of vignette outputs
Result: WARN
    Error in re-building vignettes:
     ...
    Error in texi2dvi(file = file, pdf = TRUE, clean = clean, quiet = quiet, :
     Running 'texi2dvi' on 'Downscaling.tex' failed.
    LaTeX errors:
    !pdfTeX error: pdflatex (file /home/ripley/R/packages/tests32/downscale.Rcheck/
    vign_test/downscale/vignettes/Downscaling-downscale11.pdf): PDF inclusion: requ
    ired page does not exist <0>
     ==> Fatal error occurred, no output PDF file produced!
    Calls: buildVignettes -> texi2pdf -> texi2dvi
    Execution halted
Flavor: r-patched-solaris-x86

Version: 1.2-4
Check: re-building of vignette outputs
Result: WARN
    Error in re-building vignettes:
     ...
    Error in texi2dvi(file = file, pdf = TRUE, clean = clean, quiet = quiet, :
     Running ‘texi2dvi’ on ‘Downscaling.tex’ failed.
    LaTeX errors:
    !pdfTeX error: pdflatex (file /home/hornik/tmp/R.check/r-release-gcc/Work/PKGS/
    downscale.Rcheck/vign_test/downscale/vignettes/Downscaling-downscale11.pdf): PD
    F inclusion: required page does not exist <0>
     ==> Fatal error occurred, no output PDF file produced!
    Calls: buildVignettes -> texi2pdf -> texi2dvi
    Execution halted
Flavor: r-release-linux-x86_64

Version: 1.2-4
Check: re-building of vignette outputs
Result: NOTE
    Error in re-building vignettes:
     ...
    Error in texi2dvi(file = file, pdf = TRUE, clean = clean, quiet = quiet, :
     Running 'texi2dvi' on 'Downscaling.tex' failed.
    LaTeX errors:
    ! LaTeX Error: File `silence.sty' not found.
    
    Type X to quit or <RETURN> to proceed,
    or enter new name. (Default extension: sty)
    
    ! Emergency stop.
    <read *>
    
    l.10 \usepackage
     {multirow}^^M
    ! ==> Fatal error occurred, no output PDF file produced!
    Calls: buildVignettes -> texi2pdf -> texi2dvi
    Execution halted
Flavor: r-release-osx-x86_64