Last updated on 2017-07-26 01:56:10.
Flavor | Version | Tinstall | Tcheck | Ttotal | Status | Flags |
---|---|---|---|---|---|---|
r-devel-linux-x86_64-debian-clang | 1.5.6 | 0.67 | 17.45 | 18.12 | NOTE | |
r-devel-linux-x86_64-debian-gcc | 1.5.6 | 0.59 | 17.23 | 17.82 | NOTE | |
r-devel-linux-x86_64-fedora-clang | 1.5.6 | 19.76 | NOTE | |||
r-devel-linux-x86_64-fedora-gcc | 1.5.6 | 18.45 | NOTE | |||
r-devel-windows-ix86+x86_64 | 1.5.6 | 3.00 | 39.00 | 42.00 | NOTE | |
r-patched-linux-x86_64 | 1.5.6 | 0.68 | 17.03 | 17.71 | NOTE | |
r-patched-solaris-x86 | 1.5.6 | 29.10 | NOTE | |||
r-release-linux-x86_64 | 1.5.6 | 0.60 | 17.52 | 18.12 | NOTE | |
r-release-windows-ix86+x86_64 | 1.5.6 | 3.00 | 28.00 | 31.00 | NOTE | |
r-release-osx-x86_64 | 1.5.6 | NOTE | ||||
r-oldrel-windows-ix86+x86_64 | 1.5.6 | 2.00 | 28.00 | 30.00 | NOTE | |
r-oldrel-osx-x86_64 | 1.5.6 | NOTE |
Version: 1.5.6
Check: top-level files
Result: NOTE
File
LICENSE
is not mentioned in the DESCRIPTION file.
Flavors: r-devel-linux-x86_64-debian-clang, r-devel-linux-x86_64-debian-gcc, r-devel-linux-x86_64-fedora-clang, r-devel-linux-x86_64-fedora-gcc, r-devel-windows-ix86+x86_64, r-patched-linux-x86_64, r-patched-solaris-x86, r-release-linux-x86_64, r-release-windows-ix86+x86_64, r-release-osx-x86_64, r-oldrel-windows-ix86+x86_64, r-oldrel-osx-x86_64
Version: 1.5.6
Check: R code for possible problems
Result: NOTE
dummy: no visible global function definition for ‘model.matrix’
dummy: no visible global function definition for ‘model.frame’
Undefined global functions or variables:
model.frame model.matrix
Consider adding
importFrom("stats", "model.frame", "model.matrix")
to your NAMESPACE file.
Flavors: r-devel-linux-x86_64-debian-clang, r-devel-linux-x86_64-debian-gcc, r-devel-linux-x86_64-fedora-clang, r-devel-linux-x86_64-fedora-gcc, r-devel-windows-ix86+x86_64, r-patched-linux-x86_64, r-patched-solaris-x86, r-release-linux-x86_64, r-release-windows-ix86+x86_64, r-release-osx-x86_64, r-oldrel-windows-ix86+x86_64, r-oldrel-osx-x86_64
Version: 1.5.6
Check: Rd line widths
Result: NOTE
Rd file 'dummy.Rd':
\usage lines wider than 90 characters:
dummy.data.frame(data, names = NULL, omit.constants=TRUE, dummy.classes = getOption("dummy.classes"), all = TRUE, ...)
These lines will be truncated in the PDF manual.
Flavors: r-devel-linux-x86_64-debian-clang, r-devel-linux-x86_64-debian-gcc, r-devel-linux-x86_64-fedora-clang, r-devel-linux-x86_64-fedora-gcc, r-patched-linux-x86_64, r-release-linux-x86_64