Last updated on 2017-07-26 01:56:11.
Flavor | Version | Tinstall | Tcheck | Ttotal | Status | Flags |
---|---|---|---|---|---|---|
r-devel-linux-x86_64-debian-clang | 0.7.8 | 1.67 | 31.80 | 33.47 | OK | |
r-devel-linux-x86_64-debian-gcc | 0.7.8 | 1.50 | 31.60 | 33.09 | OK | |
r-devel-linux-x86_64-fedora-clang | 0.7.8 | 42.41 | NOTE | |||
r-devel-linux-x86_64-fedora-gcc | 0.7.8 | 39.91 | NOTE | |||
r-devel-windows-ix86+x86_64 | 0.7.8 | 8.00 | 61.00 | 69.00 | NOTE | |
r-patched-linux-x86_64 | 0.7.8 | 1.82 | 31.59 | 33.40 | OK | |
r-patched-solaris-x86 | 0.7.8 | 55.50 | NOTE | |||
r-release-linux-x86_64 | 0.7.8 | 1.42 | 31.67 | 33.09 | OK | |
r-release-windows-ix86+x86_64 | 0.7.8 | 4.00 | 44.00 | 48.00 | NOTE | |
r-release-osx-x86_64 | 0.7.8 | NOTE | ||||
r-oldrel-windows-ix86+x86_64 | 0.7.8 | 5.00 | 41.00 | 46.00 | NOTE | |
r-oldrel-osx-x86_64 | 0.7.8 | NOTE |
Version: 0.7.8
Check: installed package size
Result: NOTE
installed size is 5.1Mb
sub-directories of 1Mb or more:
examples 4.6Mb
Flavors: r-devel-linux-x86_64-fedora-clang, r-devel-linux-x86_64-fedora-gcc, r-devel-windows-ix86+x86_64, r-patched-solaris-x86, r-release-windows-ix86+x86_64, r-release-osx-x86_64, r-oldrel-windows-ix86+x86_64, r-oldrel-osx-x86_64