CRAN Package Check Results for Package emdbook

Last updated on 2017-07-26 01:56:11.

Flavor Version Tinstall Tcheck Ttotal Status Flags
r-devel-linux-x86_64-debian-clang 1.3.9 1.65 34.98 36.63 OK
r-devel-linux-x86_64-debian-gcc 1.3.9 1.56 34.45 36.01 OK
r-devel-linux-x86_64-fedora-clang 1.3.9 46.63 OK
r-devel-linux-x86_64-fedora-gcc 1.3.9 44.48 OK
r-devel-windows-ix86+x86_64 1.3.9 9.00 67.00 76.00 OK
r-patched-linux-x86_64 1.3.9 1.49 35.59 37.08 OK
r-patched-solaris-x86 1.3.9 62.10 OK
r-release-linux-x86_64 1.3.9 1.67 35.37 37.04 OK
r-release-windows-ix86+x86_64 1.3.9 5.00 70.00 75.00 OK
r-release-osx-x86_64 1.3.9 OK
r-oldrel-windows-ix86+x86_64 1.3.9 5.00 44.00 49.00 OK
r-oldrel-osx-x86_64 1.3.9 NOTE

Check Details

Version: 1.3.9
Check: dependencies in R code
Result: NOTE
    Invalid MIT-MAGIC-COOKIE-1 key
Flavor: r-oldrel-osx-x86_64