Last updated on 2017-07-26 01:56:11.
Flavor | Version | Tinstall | Tcheck | Ttotal | Status | Flags |
---|---|---|---|---|---|---|
r-devel-linux-x86_64-debian-clang | 3.7.1 | 17.62 | 413.23 | 430.85 | NOTE | |
r-devel-linux-x86_64-debian-gcc | 3.7.1 | 19.17 | 409.03 | 428.20 | NOTE | |
r-devel-linux-x86_64-fedora-clang | 3.7.1 | 934.24 | NOTE | |||
r-devel-linux-x86_64-fedora-gcc | 3.7.1 | 926.85 | NOTE | |||
r-devel-windows-ix86+x86_64 | 3.7.1 | 99.00 | 134.00 | 233.00 | OK | --no-examples --no-tests --no-vignettes |
r-patched-linux-x86_64 | 3.7.1 | 18.76 | 411.66 | 430.42 | NOTE | |
r-patched-solaris-x86 | 3.7.1 | 1116.70 | OK | |||
r-release-linux-x86_64 | 3.7.1 | 19.11 | 411.27 | 430.37 | NOTE | |
r-release-windows-ix86+x86_64 | 3.7.1 | 68.00 | 175.00 | 243.00 | OK | --no-examples --no-tests --no-vignettes |
r-release-osx-x86_64 | 3.7.1 | NOTE | ||||
r-oldrel-windows-ix86+x86_64 | 3.7.1 | 71.00 | 183.00 | 254.00 | OK | --no-examples --no-tests --no-vignettes |
r-oldrel-osx-x86_64 | 3.7.1 | NOTE |
Version: 3.7.1
Check: compiled code
Result: NOTE
File ‘ergm/libs/ergm.so’:
Found no calls to: ‘R_registerRoutines’, ‘R_useDynamicSymbols’
It is good practice to register native routines and to disable symbol
search.
See ‘Writing portable packages’ in the ‘Writing R Extensions’ manual.
Flavors: r-devel-linux-x86_64-debian-clang, r-devel-linux-x86_64-debian-gcc, r-devel-linux-x86_64-fedora-clang, r-devel-linux-x86_64-fedora-gcc, r-patched-linux-x86_64, r-release-linux-x86_64
Version: 3.7.1
Check: package dependencies
Result: NOTE
Package suggested but not available for checking: ‘Rmpi’
Flavors: r-release-osx-x86_64, r-oldrel-osx-x86_64
Version: 3.7.1
Check: re-building of vignette outputs
Result: NOTE
Error in re-building vignettes:
...
samplk2 (samplk) Longitudinal networks of positive affection
within a monastery as a "network" object
samplk3 (samplk) Longitudinal networks of positive affection
within a monastery as a "network" object
Error in ergm.MCMLE(init, nw, model, initialfit = (initialfit <- NULL), :
Number of edges in a simulated network exceeds that in the observed by a factor of more than 20. This is a strong indicator of model degeneracy or a very poor starting parameter configuration. If you are reasonably certain that neither of these is the case, increase the MCMLE.density.guard control.ergm() parameter.
Loading required namespace: latticeExtra
Warning in formals(fun) : argument is not a function
Error in texi2dvi(file = file, pdf = TRUE, clean = clean, quiet = quiet, :
Running 'texi2dvi' on 'ergm.tex' failed.
LaTeX errors:
! LaTeX Error: File `comment.sty' not found.
Type X to quit or <RETURN> to proceed,
or enter new name. (Default extension: sty)
! Emergency stop.
<read *>
l.6 \usepackage
{color}^^M
! ==> Fatal error occurred, no output PDF file produced!
Calls: buildVignettes -> texi2pdf -> texi2dvi
Execution halted
Flavor: r-release-osx-x86_64