CRAN Package Check Results for Package eurostat

Last updated on 2017-07-26 01:56:12.

Flavor Version Tinstall Tcheck Ttotal Status Flags
r-devel-linux-x86_64-debian-clang 3.1.1 2.36 45.19 47.56 WARN
r-devel-linux-x86_64-debian-gcc 3.1.1 2.19 44.88 47.07 WARN
r-devel-linux-x86_64-fedora-clang 3.1.1 64.15 WARN
r-devel-linux-x86_64-fedora-gcc 3.1.1 63.89 WARN
r-devel-windows-ix86+x86_64 3.1.1 10.00 85.00 95.00 WARN
r-patched-linux-x86_64 3.1.1 1.90 45.26 47.17 WARN
r-patched-solaris-x86 3.1.1 84.20 WARN
r-release-linux-x86_64 3.1.1 1.88 45.45 47.34 WARN
r-release-windows-ix86+x86_64 3.1.1 6.00 76.00 82.00 WARN
r-release-osx-x86_64 3.1.1 WARN
r-oldrel-windows-ix86+x86_64 3.1.1 6.00 56.00 62.00 WARN
r-oldrel-osx-x86_64 3.1.1 OK

Check Details

Version: 3.1.1
Check: re-building of vignette outputs
Result: WARN
    Error in re-building vignettes:
     ...
    Loading required package: xml2
    trying URL ‘http://ec.europa.eu/eurostat/estat-navtree-portlet-prod/BulkDownloadListing?sort=1&file=data%2Ftsdtr210.tsv.gz’
    Content type 'application/octet-stream;charset=UTF-8' length 4136 bytes
    ==================================================
    downloaded 4136 bytes
    
    Table tsdtr210 cached at /tmp/RtmpQ6RgiL/eurostat/tsdtr210_num_code_TF.rds
    
    Attaching package: 'dplyr'
    
    The following objects are masked from 'package:stats':
    
     filter, lag
    
    The following objects are masked from 'package:base':
    
     intersect, setdiff, setequal, union
    
    trying URL ‘http://ec.europa.eu/eurostat/estat-navtree-portlet-prod/BulkDownloadListing?sort=1&file=data%2Ften00081.tsv.gz’
    Content type 'application/octet-stream;charset=UTF-8' length 13546 bytes (13 KB)
    ==================================================
    downloaded 13 KB
    
    Table ten00081 cached at /tmp/RtmpQ6RgiL/eurostat/ten00081_date_code_TF.rds
    trying URL ‘http://ec.europa.eu/eurostat/estat-navtree-portlet-prod/BulkDownloadListing?sort=1&file=data%2Ftgs00026.tsv.gz’
    Content type 'application/octet-stream;charset=UTF-8' length 4255 bytes
    ==================================================
    downloaded 4255 bytes
    
    Quitting from lines 310-336 (eurostat_tutorial.Rmd)
    Error: processing vignette ‘eurostat_tutorial.Rmd’ failed with diagnostics:
    Evaluation error: only 0's may be mixed with negative subscripts.
    Execution halted
Flavor: r-devel-linux-x86_64-debian-clang

Version: 3.1.1
Check: re-building of vignette outputs
Result: WARN
    Error in re-building vignettes:
     ...
    Loading required package: xml2
    trying URL ‘http://ec.europa.eu/eurostat/estat-navtree-portlet-prod/BulkDownloadListing?sort=1&file=data%2Ftsdtr210.tsv.gz’
    Content type 'application/octet-stream;charset=UTF-8' length 4136 bytes
    ==================================================
    downloaded 4136 bytes
    
    Table tsdtr210 cached at /tmp/RtmpRVcu7b/eurostat/tsdtr210_num_code_TF.rds
    
    Attaching package: 'dplyr'
    
    The following objects are masked from 'package:stats':
    
     filter, lag
    
    The following objects are masked from 'package:base':
    
     intersect, setdiff, setequal, union
    
    trying URL ‘http://ec.europa.eu/eurostat/estat-navtree-portlet-prod/BulkDownloadListing?sort=1&file=data%2Ften00081.tsv.gz’
    Content type 'application/octet-stream;charset=UTF-8' length 13546 bytes (13 KB)
    ==================================================
    downloaded 13 KB
    
    Table ten00081 cached at /tmp/RtmpRVcu7b/eurostat/ten00081_date_code_TF.rds
    trying URL ‘http://ec.europa.eu/eurostat/estat-navtree-portlet-prod/BulkDownloadListing?sort=1&file=data%2Ftgs00026.tsv.gz’
    Content type 'application/octet-stream;charset=UTF-8' length 4255 bytes
    ==================================================
    downloaded 4255 bytes
    
    Quitting from lines 310-336 (eurostat_tutorial.Rmd)
    Error: processing vignette ‘eurostat_tutorial.Rmd’ failed with diagnostics:
    Evaluation error: only 0's may be mixed with negative subscripts.
    Execution halted
Flavor: r-devel-linux-x86_64-debian-gcc

Version: 3.1.1
Check: re-building of vignette outputs
Result: WARN
    Error in re-building vignettes:
     ...
    Loading required package: xml2
    trying URL 'http://ec.europa.eu/eurostat/estat-navtree-portlet-prod/BulkDownloadListing?sort=1&file=data%2Ftsdtr210.tsv.gz'
    Content type 'application/octet-stream;charset=UTF-8' length 4136 bytes
    ==================================================
    downloaded 4136 bytes
    
    Table tsdtr210 cached at /tmp/RtmpVuICbm/eurostat/tsdtr210_num_code_TF.rds
    
    Attaching package: 'dplyr'
    
    The following objects are masked from 'package:stats':
    
     filter, lag
    
    The following objects are masked from 'package:base':
    
     intersect, setdiff, setequal, union
    
    trying URL 'http://ec.europa.eu/eurostat/estat-navtree-portlet-prod/BulkDownloadListing?sort=1&file=data%2Ften00081.tsv.gz'
    Content type 'application/octet-stream;charset=UTF-8' length 13546 bytes (13 KB)
    ==================================================
    downloaded 13 KB
    
    Table ten00081 cached at /tmp/RtmpVuICbm/eurostat/ten00081_date_code_TF.rds
    trying URL 'http://ec.europa.eu/eurostat/estat-navtree-portlet-prod/BulkDownloadListing?sort=1&file=data%2Ftgs00026.tsv.gz'
    Content type 'application/octet-stream;charset=UTF-8' length 4255 bytes
    ==================================================
    downloaded 4255 bytes
    
    Quitting from lines 310-336 (eurostat_tutorial.Rmd)
    Error: processing vignette 'eurostat_tutorial.Rmd' failed with diagnostics:
    Evaluation error: only 0's may be mixed with negative subscripts.
    Execution halted
Flavor: r-devel-linux-x86_64-fedora-clang

Version: 3.1.1
Check: re-building of vignette outputs
Result: WARN
    Error in re-building vignettes:
     ...
    Loading required package: xml2
    trying URL 'http://ec.europa.eu/eurostat/estat-navtree-portlet-prod/BulkDownloadListing?sort=1&file=data%2Ftsdtr210.tsv.gz'
    Content type 'application/octet-stream;charset=UTF-8' length 4136 bytes
    ==================================================
    downloaded 4136 bytes
    
    Table tsdtr210 cached at /tmp/RtmpgAjwEO/eurostat/tsdtr210_num_code_TF.rds
    
    Attaching package: 'dplyr'
    
    The following objects are masked from 'package:stats':
    
     filter, lag
    
    The following objects are masked from 'package:base':
    
     intersect, setdiff, setequal, union
    
    trying URL 'http://ec.europa.eu/eurostat/estat-navtree-portlet-prod/BulkDownloadListing?sort=1&file=data%2Ften00081.tsv.gz'
    Content type 'application/octet-stream;charset=UTF-8' length 13546 bytes (13 KB)
    ==================================================
    downloaded 13 KB
    
    Table ten00081 cached at /tmp/RtmpgAjwEO/eurostat/ten00081_date_code_TF.rds
    trying URL 'http://ec.europa.eu/eurostat/estat-navtree-portlet-prod/BulkDownloadListing?sort=1&file=data%2Ftgs00026.tsv.gz'
    Content type 'application/octet-stream;charset=UTF-8' length 4255 bytes
    ==================================================
    downloaded 4255 bytes
    
    Quitting from lines 310-336 (eurostat_tutorial.Rmd)
    Error: processing vignette 'eurostat_tutorial.Rmd' failed with diagnostics:
    Evaluation error: only 0's may be mixed with negative subscripts.
    Execution halted
Flavor: r-devel-linux-x86_64-fedora-gcc

Version: 3.1.1
Check: re-building of vignette outputs
Result: WARN
    Error in re-building vignettes:
     ...
    Attaching package: 'dplyr'
    
    The following objects are masked from 'package:stats':
    
     filter, lag
    
    The following objects are masked from 'package:base':
    
     intersect, setdiff, setequal, union
    
    trying URL 'http://ec.europa.eu/eurostat/estat-navtree-portlet-prod/BulkDownloadListing?sort=1&file=data%2Ften00081.tsv.gz'
    Content type 'application/octet-stream;charset=UTF-8' length 13546 bytes (13 KB)
    ==================================================
    downloaded 13 KB
    
    Table ten00081 cached at D:\temp\RtmpCmoiVG/eurostat/ten00081_date_code_TF.rds
    trying URL 'http://ec.europa.eu/eurostat/estat-navtree-portlet-prod/BulkDownloadListing?sort=1&file=data%2Ftgs00026.tsv.gz'
    Content type 'application/octet-stream;charset=UTF-8' length 4255 bytes
    ==================================================
    downloaded 4255 bytes
    
    Quitting from lines 310-336 (eurostat_tutorial.Rmd)
    Error: processing vignette 'eurostat_tutorial.Rmd' failed with diagnostics:
    Evaluation error: only 0's may be mixed with negative subscripts.
    Execution halted
Flavor: r-devel-windows-ix86+x86_64

Version: 3.1.1
Check: re-building of vignette outputs
Result: WARN
    Error in re-building vignettes:
     ...
    Loading required package: xml2
    trying URL ‘http://ec.europa.eu/eurostat/estat-navtree-portlet-prod/BulkDownloadListing?sort=1&file=data%2Ftsdtr210.tsv.gz’
    Content type 'application/octet-stream;charset=UTF-8' length 4136 bytes
    ==================================================
    downloaded 4136 bytes
    
    Table tsdtr210 cached at /tmp/RtmpVAsAVb/eurostat/tsdtr210_num_code_TF.rds
    
    Attaching package: 'dplyr'
    
    The following objects are masked from 'package:stats':
    
     filter, lag
    
    The following objects are masked from 'package:base':
    
     intersect, setdiff, setequal, union
    
    trying URL ‘http://ec.europa.eu/eurostat/estat-navtree-portlet-prod/BulkDownloadListing?sort=1&file=data%2Ften00081.tsv.gz’
    Content type 'application/octet-stream;charset=UTF-8' length 13546 bytes (13 KB)
    ==================================================
    downloaded 13 KB
    
    Table ten00081 cached at /tmp/RtmpVAsAVb/eurostat/ten00081_date_code_TF.rds
    trying URL ‘http://ec.europa.eu/eurostat/estat-navtree-portlet-prod/BulkDownloadListing?sort=1&file=data%2Ftgs00026.tsv.gz’
    Content type 'application/octet-stream;charset=UTF-8' length 4255 bytes
    ==================================================
    downloaded 4255 bytes
    
    Quitting from lines 310-336 (eurostat_tutorial.Rmd)
    Error: processing vignette ‘eurostat_tutorial.Rmd’ failed with diagnostics:
    Evaluation error: only 0's may be mixed with negative subscripts.
    Execution halted
Flavor: r-patched-linux-x86_64

Version: 3.1.1
Check: re-building of vignette outputs
Result: WARN
    Error in re-building vignettes:
     ...
    Warning in engine$weave(file, quiet = quiet, encoding = enc) :
     Pandoc (>= 1.12.3) and/or pandoc-citeproc not available. Falling back to R Markdown v1.
    Warning in engine$weave(file, quiet = quiet, encoding = enc) :
     Pandoc (>= 1.12.3) and/or pandoc-citeproc not available. Falling back to R Markdown v1.
    Warning in engine$weave(file, quiet = quiet, encoding = enc) :
     Pandoc (>= 1.12.3) and/or pandoc-citeproc not available. Falling back to R Markdown v1.
    Loading required package: xml2
    trying URL 'http://ec.europa.eu/eurostat/estat-navtree-portlet-prod/BulkDownloadListing?sort=1&file=data%2Ftsdtr210.tsv.gz'
    Content type 'application/octet-stream;charset=UTF-8' length 4136 bytes
    ==================================================
    downloaded 4136 bytes
    
    Table tsdtr210 cached at /tmp/RtmpERayHu/eurostat/tsdtr210_num_code_TF.rds
    
    Attaching package: 'dplyr'
    
    The following objects are masked from 'package:stats':
    
     filter, lag
    
    The following objects are masked from 'package:base':
    
     intersect, setdiff, setequal, union
    
    trying URL 'http://ec.europa.eu/eurostat/estat-navtree-portlet-prod/BulkDownloadListing?sort=1&file=data%2Ften00081.tsv.gz'
    Content type 'application/octet-stream;charset=UTF-8' length 13546 bytes (13 KB)
    ==================================================
    downloaded 13 KB
    
    Table ten00081 cached at /tmp/RtmpERayHu/eurostat/ten00081_date_code_TF.rds
    trying URL 'http://ec.europa.eu/eurostat/estat-navtree-portlet-prod/BulkDownloadListing?sort=1&file=data%2Ftgs00026.tsv.gz'
    Content type 'application/octet-stream;charset=UTF-8' length 4255 bytes
    ==================================================
    downloaded 4255 bytes
    
    Quitting from lines 310-336 (eurostat_tutorial.Rmd)
    Error: processing vignette 'eurostat_tutorial.Rmd' failed with diagnostics:
    Evaluation error: only 0's may be mixed with negative subscripts.
    Execution halted
Flavor: r-patched-solaris-x86

Version: 3.1.1
Check: re-building of vignette outputs
Result: WARN
    Error in re-building vignettes:
     ...
    Loading required package: xml2
    trying URL ‘http://ec.europa.eu/eurostat/estat-navtree-portlet-prod/BulkDownloadListing?sort=1&file=data%2Ftsdtr210.tsv.gz’
    Content type 'application/octet-stream;charset=UTF-8' length 4136 bytes
    ==================================================
    downloaded 4136 bytes
    
    Table tsdtr210 cached at /tmp/Rtmpu70WTl/eurostat/tsdtr210_num_code_TF.rds
    
    Attaching package: 'dplyr'
    
    The following objects are masked from 'package:stats':
    
     filter, lag
    
    The following objects are masked from 'package:base':
    
     intersect, setdiff, setequal, union
    
    trying URL ‘http://ec.europa.eu/eurostat/estat-navtree-portlet-prod/BulkDownloadListing?sort=1&file=data%2Ften00081.tsv.gz’
    Content type 'application/octet-stream;charset=UTF-8' length 13546 bytes (13 KB)
    ==================================================
    downloaded 13 KB
    
    Table ten00081 cached at /tmp/Rtmpu70WTl/eurostat/ten00081_date_code_TF.rds
    trying URL ‘http://ec.europa.eu/eurostat/estat-navtree-portlet-prod/BulkDownloadListing?sort=1&file=data%2Ftgs00026.tsv.gz’
    Content type 'application/octet-stream;charset=UTF-8' length 4255 bytes
    ==================================================
    downloaded 4255 bytes
    
    Quitting from lines 310-336 (eurostat_tutorial.Rmd)
    Error: processing vignette ‘eurostat_tutorial.Rmd’ failed with diagnostics:
    Evaluation error: only 0's may be mixed with negative subscripts.
    Execution halted
Flavor: r-release-linux-x86_64

Version: 3.1.1
Check: re-building of vignette outputs
Result: WARN
    Error in re-building vignettes:
     ...
    Attaching package: 'dplyr'
    
    The following objects are masked from 'package:stats':
    
     filter, lag
    
    The following objects are masked from 'package:base':
    
     intersect, setdiff, setequal, union
    
    trying URL 'http://ec.europa.eu/eurostat/estat-navtree-portlet-prod/BulkDownloadListing?sort=1&file=data%2Ften00081.tsv.gz'
    Content type 'application/octet-stream;charset=UTF-8' length 13546 bytes (13 KB)
    ==================================================
    downloaded 13 KB
    
    Table ten00081 cached at D:\temp\RtmpqoECMJ/eurostat/ten00081_date_code_TF.rds
    trying URL 'http://ec.europa.eu/eurostat/estat-navtree-portlet-prod/BulkDownloadListing?sort=1&file=data%2Ftgs00026.tsv.gz'
    Content type 'application/octet-stream;charset=UTF-8' length 4255 bytes
    ==================================================
    downloaded 4255 bytes
    
    Quitting from lines 310-336 (eurostat_tutorial.Rmd)
    Error: processing vignette 'eurostat_tutorial.Rmd' failed with diagnostics:
    Evaluation error: only 0's may be mixed with negative subscripts.
    Execution halted
Flavor: r-release-windows-ix86+x86_64

Version: 3.1.1
Check: package dependencies
Result: NOTE
    Package suggested but not available for checking: ‘Cairo’
Flavor: r-release-osx-x86_64

Version: 3.1.1
Check: re-building of vignette outputs
Result: WARN
    Error in re-building vignettes:
     ...
    Attaching package: 'dplyr'
    
    The following objects are masked from 'package:stats':
    
     filter, lag
    
    The following objects are masked from 'package:base':
    
     intersect, setdiff, setequal, union
    
    trying URL 'http://ec.europa.eu/eurostat/estat-navtree-portlet-prod/BulkDownloadListing?sort=1&file=data%2Ften00081.tsv.gz'
    Content type 'application/octet-stream;charset=UTF-8' length 13529 bytes (13 KB)
    ==================================================
    downloaded 13 KB
    
    Table ten00081 cached at /var/folders/xn/m8dzdsgs7sg8q7jgflnqm8w80000gn/T//RtmphhBoTr/eurostat/ten00081_date_code_TF.rds
    trying URL 'http://ec.europa.eu/eurostat/estat-navtree-portlet-prod/BulkDownloadListing?sort=1&file=data%2Ftgs00026.tsv.gz'
    Content type 'application/octet-stream;charset=UTF-8' length 5933 bytes
    ==================================================
    downloaded 5933 bytes
    
    Quitting from lines 341-357 (eurostat_tutorial.Rmd)
    Error: processing vignette 'eurostat_tutorial.Rmd' failed with diagnostics:
    there is no package called 'Cairo'
    Execution halted
Flavor: r-release-osx-x86_64

Version: 3.1.1
Check: re-building of vignette outputs
Result: WARN
    Error in re-building vignettes:
     ...
    Attaching package: 'dplyr'
    
    The following objects are masked from 'package:stats':
    
     filter, lag
    
    The following objects are masked from 'package:base':
    
     intersect, setdiff, setequal, union
    
    trying URL 'http://ec.europa.eu/eurostat/estat-navtree-portlet-prod/BulkDownloadListing?sort=1&file=data%2Ften00081.tsv.gz'
    Content type 'application/octet-stream;charset=UTF-8' length 13546 bytes (13 KB)
    ==================================================
    downloaded 13 KB
    
    Table ten00081 cached at D:\temp\RtmpOwkyiX/eurostat/ten00081_date_code_TF.rds
    trying URL 'http://ec.europa.eu/eurostat/estat-navtree-portlet-prod/BulkDownloadListing?sort=1&file=data%2Ftgs00026.tsv.gz'
    Content type 'application/octet-stream;charset=UTF-8' length 4255 bytes
    ==================================================
    downloaded 4255 bytes
    
    Quitting from lines 310-336 (eurostat_tutorial.Rmd)
    Error: processing vignette 'eurostat_tutorial.Rmd' failed with diagnostics:
    Evaluation error: only 0's may be mixed with negative subscripts.
    Execution halted
Flavor: r-oldrel-windows-ix86+x86_64