Last updated on 2017-07-26 01:56:13.
Flavor | Version | Tinstall | Tcheck | Ttotal | Status | Flags |
---|---|---|---|---|---|---|
r-devel-linux-x86_64-debian-clang | 3010.82.1 | 3.00 | 63.27 | 66.27 | NOTE | |
r-devel-linux-x86_64-debian-gcc | 3010.82.1 | 3.06 | 62.08 | 65.14 | NOTE | |
r-devel-linux-x86_64-fedora-clang | 3010.82.1 | 109.66 | NOTE | |||
r-devel-linux-x86_64-fedora-gcc | 3010.82.1 | 106.85 | NOTE | |||
r-devel-windows-ix86+x86_64 | 3010.82.1 | 20.00 | 173.00 | 193.00 | NOTE | |
r-patched-linux-x86_64 | 3010.82.1 | 3.06 | 62.60 | 65.66 | NOTE | |
r-patched-solaris-x86 | 3010.82.1 | 134.10 | NOTE | |||
r-release-linux-x86_64 | 3010.82.1 | 3.03 | 62.94 | 65.97 | NOTE | |
r-release-windows-ix86+x86_64 | 3010.82.1 | 11.00 | 161.00 | 172.00 | NOTE | |
r-release-osx-x86_64 | 3010.82.1 | NOTE | ||||
r-oldrel-windows-ix86+x86_64 | 3010.82.1 | 11.00 | 121.00 | 132.00 | NOTE | |
r-oldrel-osx-x86_64 | 3010.82.1 | NOTE |
Version: 3010.82.1
Check: S3 generic/method consistency
Result: NOTE
Found the following apparent S3 methods exported but not registered:
.plot.garch.1 .plot.garch.10 .plot.garch.11 .plot.garch.12
.plot.garch.13 .plot.garch.2 .plot.garch.3 .plot.garch.4
.plot.garch.5 .plot.garch.6 .plot.garch.7 .plot.garch.8 .plot.garch.9
See section ‘Registering S3 methods’ in the ‘Writing R Extensions’
manual.
Flavors: r-devel-linux-x86_64-debian-clang, r-devel-linux-x86_64-debian-gcc, r-devel-linux-x86_64-fedora-clang, r-devel-linux-x86_64-fedora-gcc, r-patched-linux-x86_64, r-patched-solaris-x86, r-release-linux-x86_64
Version: 3010.82.1
Check: R code for possible problems
Result: NOTE
garchFit: no visible binding for global variable ‘dem2gbp’
fitted,fGARCH: no visible binding for global variable ‘fit’
Undefined global functions or variables:
dem2gbp fit
Flavors: r-devel-linux-x86_64-debian-clang, r-devel-linux-x86_64-debian-gcc, r-devel-linux-x86_64-fedora-clang, r-devel-linux-x86_64-fedora-gcc, r-devel-windows-ix86+x86_64, r-patched-linux-x86_64, r-patched-solaris-x86, r-release-linux-x86_64, r-release-windows-ix86+x86_64, r-release-osx-x86_64, r-oldrel-windows-ix86+x86_64, r-oldrel-osx-x86_64
Version: 3010.82.1
Check: compiled code
Result: NOTE
File ‘fGarch/libs/fGarch.so’:
Found no calls to: ‘R_registerRoutines’, ‘R_useDynamicSymbols’
It is good practice to register native routines and to disable symbol
search.
See ‘Writing portable packages’ in the ‘Writing R Extensions’ manual.
Flavors: r-devel-linux-x86_64-debian-clang, r-devel-linux-x86_64-debian-gcc, r-devel-linux-x86_64-fedora-clang, r-devel-linux-x86_64-fedora-gcc, r-patched-linux-x86_64, r-release-linux-x86_64