Last updated on 2017-07-26 01:56:13.
Flavor | Version | Tinstall | Tcheck | Ttotal | Status | Flags |
---|---|---|---|---|---|---|
r-devel-linux-x86_64-debian-clang | 3.5.4 | 1.58 | 25.20 | 26.79 | NOTE | |
r-devel-linux-x86_64-debian-gcc | 3.5.4 | 1.52 | 25.11 | 26.63 | NOTE | |
r-devel-linux-x86_64-fedora-clang | 3.5.4 | 33.68 | NOTE | |||
r-devel-linux-x86_64-fedora-gcc | 3.5.4 | 32.70 | NOTE | |||
r-devel-windows-ix86+x86_64 | 3.5.4 | 9.00 | 64.00 | 73.00 | OK | |
r-patched-linux-x86_64 | 3.5.4 | 1.52 | 25.28 | 26.80 | NOTE | |
r-patched-solaris-x86 | 3.5.4 | 46.90 | OK | |||
r-release-linux-x86_64 | 3.5.4 | 1.54 | 25.17 | 26.71 | NOTE | |
r-release-windows-ix86+x86_64 | 3.5.4 | 7.00 | 45.00 | 52.00 | OK | |
r-release-osx-x86_64 | 3.5.4 | OK | ||||
r-oldrel-windows-ix86+x86_64 | 3.5.4 | 14.00 | 53.00 | 67.00 | OK | |
r-oldrel-osx-x86_64 | 3.5.4 | OK |
Version: 3.5.4
Check: compiled code
Result: NOTE
File ‘fingerprint/libs/fingerprint.so’:
Found no calls to: ‘R_registerRoutines’, ‘R_useDynamicSymbols’
It is good practice to register native routines and to disable symbol
search.
See ‘Writing portable packages’ in the ‘Writing R Extensions’ manual.
Flavors: r-devel-linux-x86_64-debian-clang, r-devel-linux-x86_64-debian-gcc, r-devel-linux-x86_64-fedora-clang, r-devel-linux-x86_64-fedora-gcc, r-patched-linux-x86_64, r-release-linux-x86_64